{"id":10246,"date":"2022-10-08T17:59:57","date_gmt":"2022-10-08T17:59:57","guid":{"rendered":"http:\/\/lacomponella.com\/WordPress3\/?page_id=10246"},"modified":"2022-10-08T17:59:57","modified_gmt":"2022-10-08T17:59:57","slug":"miot-i-2021","status":"publish","type":"page","link":"https:\/\/lacomponella.com\/WordPress3\/?page_id=10246","title":{"rendered":"Miot I &#8211; 2021"},"content":{"rendered":"<p><span style=\"color: #ff0000;\"><strong>Ojciec: SIR THOMAS Moloseum<\/strong><\/span><br \/>\n<span style=\"color: #ff0000;\"><strong>Matka: LAZULI from Demma Dog<\/strong><\/span><\/p>\n<p><span style=\"color: #ff0000;\"><strong>Miot szczeni\u0105t b\u0142\u0119kitnych urodzony pod naszym przydomkiem u przyjaci\u00f3\u0142 w Che\u0142mie \u2013 hodowla Z B\u0142\u0119kitnych G\u00f3r, w\u0142.Sylwia Bedli\u0144ska-G\u00f3ra<\/strong><\/span><\/p>\n<p><span style=\"color: #800080;\"><strong>6 szczeni\u0105t<\/strong><\/span><\/p>\n<p><span style=\"color: #800080;\"><strong>Pieski:<\/strong><\/span><br \/>\n<span style=\"color: #800080;\"><strong>ITALIANO<\/strong><\/span><br \/>\n<span style=\"color: #800080;\"><strong>INSTAGRAM\u00a0<\/strong><\/span><\/p>\n<p><span style=\"color: #800080;\"><strong>Suczki:<\/strong><\/span><br \/>\n<span style=\"color: #800080;\"><strong>INSPIRATION<\/strong><\/span><br \/>\n<span style=\"color: #800080;\"><strong>IBRAHIMOVIC<\/strong><\/span><br \/>\n<span style=\"color: #800080;\"><strong>IKER CASILLAS<\/strong><\/span><\/p>\n","protected":false},"excerpt":{"rendered":"<p>Ojciec: SIR THOMAS Moloseum Matka: LAZULI from Demma Dog Miot szczeni\u0105t b\u0142\u0119kitnych urodzony pod naszym przydomkiem u przyjaci\u00f3\u0142 w Che\u0142mie \u2013 hodowla Z B\u0142\u0119kitnych G\u00f3r, w\u0142.Sylwia Bedli\u0144ska-G\u00f3ra 6 szczeni\u0105t Pieski: ITALIANO INSTAGRAM\u00a0 Suczki: INSPIRATION IBRAHIMOVIC IKER CASILLAS<\/p>\n","protected":false},"author":1,"featured_media":0,"parent":0,"menu_order":0,"comment_status":"closed","ping_status":"closed","template":"","meta":{"footnotes":""},"class_list":["post-10246","page","type-page","status-publish","hentry"],"yoast_head":"<!-- This site is optimized with the Yoast SEO plugin v27.5 - https:\/\/yoast.com\/product\/yoast-seo-wordpress\/ -->\n<title>Miot I - 2021 - La Componella FCI<\/title>\n<meta name=\"robots\" content=\"index, follow, max-snippet:-1, max-image-preview:large, max-video-preview:-1\" \/>\n<link rel=\"canonical\" href=\"https:\/\/lacomponella.com\/WordPress3\/?page_id=10246\" \/>\n<meta property=\"og:locale\" content=\"pl_PL\" \/>\n<meta property=\"og:type\" content=\"article\" \/>\n<meta property=\"og:title\" content=\"Miot I - 2021 - La Componella FCI\" \/>\n<meta property=\"og:description\" content=\"Ojciec: SIR THOMAS Moloseum Matka: LAZULI from Demma Dog Miot szczeni\u0105t b\u0142\u0119kitnych urodzony pod naszym przydomkiem u przyjaci\u00f3\u0142 w Che\u0142mie \u2013 hodowla Z B\u0142\u0119kitnych G\u00f3r, w\u0142.Sylwia Bedli\u0144ska-G\u00f3ra 6 szczeni\u0105t Pieski: ITALIANO INSTAGRAM\u00a0 Suczki: INSPIRATION IBRAHIMOVIC IKER CASILLAS\" \/>\n<meta property=\"og:url\" content=\"https:\/\/lacomponella.com\/WordPress3\/?page_id=10246\" \/>\n<meta property=\"og:site_name\" content=\"La Componella FCI\" \/>\n<meta name=\"twitter:card\" content=\"summary_large_image\" \/>\n<script type=\"application\/ld+json\" class=\"yoast-schema-graph\">{\"@context\":\"https:\\\/\\\/schema.org\",\"@graph\":[{\"@type\":\"WebPage\",\"@id\":\"https:\\\/\\\/lacomponella.com\\\/WordPress3\\\/?page_id=10246\",\"url\":\"https:\\\/\\\/lacomponella.com\\\/WordPress3\\\/?page_id=10246\",\"name\":\"Miot I - 2021 - La Componella FCI\",\"isPartOf\":{\"@id\":\"https:\\\/\\\/lacomponella.com\\\/WordPress3\\\/#website\"},\"datePublished\":\"2022-10-08T17:59:57+00:00\",\"breadcrumb\":{\"@id\":\"https:\\\/\\\/lacomponella.com\\\/WordPress3\\\/?page_id=10246#breadcrumb\"},\"inLanguage\":\"pl-PL\",\"potentialAction\":[{\"@type\":\"ReadAction\",\"target\":[\"https:\\\/\\\/lacomponella.com\\\/WordPress3\\\/?page_id=10246\"]}]},{\"@type\":\"BreadcrumbList\",\"@id\":\"https:\\\/\\\/lacomponella.com\\\/WordPress3\\\/?page_id=10246#breadcrumb\",\"itemListElement\":[{\"@type\":\"ListItem\",\"position\":1,\"name\":\"Strona g\u0142\u00f3wna\",\"item\":\"https:\\\/\\\/lacomponella.com\\\/WordPress3\\\/?page_id=4991\"},{\"@type\":\"ListItem\",\"position\":2,\"name\":\"Miot I &#8211; 2021\"}]},{\"@type\":\"WebSite\",\"@id\":\"https:\\\/\\\/lacomponella.com\\\/WordPress3\\\/#website\",\"url\":\"https:\\\/\\\/lacomponella.com\\\/WordPress3\\\/\",\"name\":\"La Componella FCI\",\"description\":\"Hodowla Dog Niemiecki, Xolo i Owczarek Belgijski\",\"potentialAction\":[{\"@type\":\"SearchAction\",\"target\":{\"@type\":\"EntryPoint\",\"urlTemplate\":\"https:\\\/\\\/lacomponella.com\\\/WordPress3\\\/?s={search_term_string}\"},\"query-input\":{\"@type\":\"PropertyValueSpecification\",\"valueRequired\":true,\"valueName\":\"search_term_string\"}}],\"inLanguage\":\"pl-PL\"}]}<\/script>\n<!-- \/ Yoast SEO plugin. -->","yoast_head_json":{"title":"Miot I - 2021 - La Componella FCI","robots":{"index":"index","follow":"follow","max-snippet":"max-snippet:-1","max-image-preview":"max-image-preview:large","max-video-preview":"max-video-preview:-1"},"canonical":"https:\/\/lacomponella.com\/WordPress3\/?page_id=10246","og_locale":"pl_PL","og_type":"article","og_title":"Miot I - 2021 - La Componella FCI","og_description":"Ojciec: SIR THOMAS Moloseum Matka: LAZULI from Demma Dog Miot szczeni\u0105t b\u0142\u0119kitnych urodzony pod naszym przydomkiem u przyjaci\u00f3\u0142 w Che\u0142mie \u2013 hodowla Z B\u0142\u0119kitnych G\u00f3r, w\u0142.Sylwia Bedli\u0144ska-G\u00f3ra 6 szczeni\u0105t Pieski: ITALIANO INSTAGRAM\u00a0 Suczki: INSPIRATION IBRAHIMOVIC IKER CASILLAS","og_url":"https:\/\/lacomponella.com\/WordPress3\/?page_id=10246","og_site_name":"La Componella FCI","twitter_card":"summary_large_image","schema":{"@context":"https:\/\/schema.org","@graph":[{"@type":"WebPage","@id":"https:\/\/lacomponella.com\/WordPress3\/?page_id=10246","url":"https:\/\/lacomponella.com\/WordPress3\/?page_id=10246","name":"Miot I - 2021 - La Componella FCI","isPartOf":{"@id":"https:\/\/lacomponella.com\/WordPress3\/#website"},"datePublished":"2022-10-08T17:59:57+00:00","breadcrumb":{"@id":"https:\/\/lacomponella.com\/WordPress3\/?page_id=10246#breadcrumb"},"inLanguage":"pl-PL","potentialAction":[{"@type":"ReadAction","target":["https:\/\/lacomponella.com\/WordPress3\/?page_id=10246"]}]},{"@type":"BreadcrumbList","@id":"https:\/\/lacomponella.com\/WordPress3\/?page_id=10246#breadcrumb","itemListElement":[{"@type":"ListItem","position":1,"name":"Strona g\u0142\u00f3wna","item":"https:\/\/lacomponella.com\/WordPress3\/?page_id=4991"},{"@type":"ListItem","position":2,"name":"Miot I &#8211; 2021"}]},{"@type":"WebSite","@id":"https:\/\/lacomponella.com\/WordPress3\/#website","url":"https:\/\/lacomponella.com\/WordPress3\/","name":"La Componella FCI","description":"Hodowla Dog Niemiecki, Xolo i Owczarek Belgijski","potentialAction":[{"@type":"SearchAction","target":{"@type":"EntryPoint","urlTemplate":"https:\/\/lacomponella.com\/WordPress3\/?s={search_term_string}"},"query-input":{"@type":"PropertyValueSpecification","valueRequired":true,"valueName":"search_term_string"}}],"inLanguage":"pl-PL"}]}},"_links":{"self":[{"href":"https:\/\/lacomponella.com\/WordPress3\/index.php?rest_route=\/wp\/v2\/pages\/10246","targetHints":{"allow":["GET"]}}],"collection":[{"href":"https:\/\/lacomponella.com\/WordPress3\/index.php?rest_route=\/wp\/v2\/pages"}],"about":[{"href":"https:\/\/lacomponella.com\/WordPress3\/index.php?rest_route=\/wp\/v2\/types\/page"}],"author":[{"embeddable":true,"href":"https:\/\/lacomponella.com\/WordPress3\/index.php?rest_route=\/wp\/v2\/users\/1"}],"replies":[{"embeddable":true,"href":"https:\/\/lacomponella.com\/WordPress3\/index.php?rest_route=%2Fwp%2Fv2%2Fcomments&post=10246"}],"version-history":[{"count":1,"href":"https:\/\/lacomponella.com\/WordPress3\/index.php?rest_route=\/wp\/v2\/pages\/10246\/revisions"}],"predecessor-version":[{"id":10247,"href":"https:\/\/lacomponella.com\/WordPress3\/index.php?rest_route=\/wp\/v2\/pages\/10246\/revisions\/10247"}],"wp:attachment":[{"href":"https:\/\/lacomponella.com\/WordPress3\/index.php?rest_route=%2Fwp%2Fv2%2Fmedia&parent=10246"}],"curies":[{"name":"wp","href":"https:\/\/api.w.org\/{rel}","templated":true}]}}