{"id":11793,"date":"2024-08-31T14:13:08","date_gmt":"2024-08-31T14:13:08","guid":{"rendered":"http:\/\/lacomponella.com\/WordPress3\/?page_id=11793"},"modified":"2024-08-31T14:15:28","modified_gmt":"2024-08-31T14:15:28","slug":"mior-o-2024","status":"publish","type":"page","link":"https:\/\/lacomponella.com\/WordPress3\/?page_id=11793","title":{"rendered":"Miot R &#8211; 2024"},"content":{"rendered":"<p style=\"text-align: center;\"><strong><span style=\"color: #ff0000;\"><span style=\"color: #800080;\">***Teraz mamy 5 szczeni\u0105t. Urodzi\u0142y si\u0119 21.06.2024***<\/span><\/span><\/strong><\/p>\n<p style=\"text-align: center;\"><span style=\"color: #0000ff;\"><strong>*3 pieski i 2 suczki*<\/strong><\/span><\/p>\n<p style=\"text-align: center;\"><span style=\"color: #ff0000;\"><strong>3 pieski:<br \/>\nRICO &#8211; zarezerwowany<br \/>\n<\/strong><\/span><\/p>\n<p>ROCH &#8211; zarezerwowany<\/p>\n<p><strong>RUSTY &#8211; zarezerwowany<\/strong><\/p>\n<p><strong><br \/>\n<\/strong><strong><\/strong><\/p>\n<p style=\"text-align: center;\"><span style=\"color: #ff0000;\"><strong>2 suczki:<br \/>\nRAYA &#8211; zarezerwowana<br \/>\n<\/strong><\/span><\/p>\n<p><strong>RONA &#8211; zarezerwowana<\/strong><\/p>\n<p><strong><br \/>\n<\/strong><strong><\/strong><\/p>\n<p style=\"text-align: center;\"><strong><span style=\"color: #ff0000;\"><span style=\"color: #800080;\">Zainteresowanych zapraszam do kontaktu<\/span><\/span><\/strong><\/p>\n<h5><span style=\"color: #0000ff;\">***mama: ERYKA La Componella (ojciec: REVLOCH OZZY OSBOURNE x MOLLY Cro Matic)<\/span><\/h5>\n<div>\n<div id=\":r2va:\" class=\"x1n2onr6\">\n<div class=\"x1n2onr6\">\n<div class=\"x1n2onr6\">\n<div class=\"x1n2onr6\">\n<div class=\"x1nb4dca x1q0q8m5 xso031l x1exxf4d x13fuv20 x178xt8z x1ey2m1c x9f619 xds687c x47corl x10l6tqk x17qophe x13vifvy\">\n<div>\n<div class=\"\" dir=\"auto\">\n<div id=\":r2v9:\" class=\"x1iorvi4 x1pi30zi x1l90r2v x1swvt13\" data-ad-comet-preview=\"message\" data-ad-preview=\"message\">\n<div class=\"x78zum5 xdt5ytf xz62fqu x16ldp7u\">\n<div class=\"xu06os2 x1ok221b\">\n<div class=\"xdj266r x11i5rnm xat24cr x1mh8g0r x1vvkbs x126k92a\">\n<h5 dir=\"auto\"><span style=\"color: #0000ff;\">*** ojciec: Best Stud Male 2020, 2021, 2022, 2023, 2024, Champion of Poland, Club Winner 2019, Club Winner 2023, Club Winner 2024&nbsp; VICTOR VALDES Du Chemin Des Sorceres (HONEY DREAM des Gardiens de Cocagne x QASH du Chemin des Sorci\u00e9res)<\/span><\/h5>\n<\/div>\n<\/div>\n<\/div>\n<\/div>\n<\/div>\n<\/div>\n<\/div>\n<\/div>\n<\/div>\n<\/div>\n<\/div>\n<\/div>\n","protected":false},"excerpt":{"rendered":"<p>***Teraz mamy 5 szczeni\u0105t. Urodzi\u0142y si\u0119 21.06.2024*** *3 pieski i 2 suczki* 3 pieski: RICO &#8211; zarezerwowany ROCH &#8211; zarezerwowany RUSTY &#8211; zarezerwowany 2 suczki: RAYA &#8211; zarezerwowana RONA &#8211; zarezerwowana Zainteresowanych zapraszam do kontaktu ***mama: ERYKA La Componella (ojciec: REVLOCH OZZY OSBOURNE x MOLLY Cro Matic) *** ojciec: Best Stud Male 2020, 2021, 2022, [&hellip;]<\/p>\n","protected":false},"author":1,"featured_media":0,"parent":0,"menu_order":0,"comment_status":"closed","ping_status":"closed","template":"","meta":{"footnotes":""},"class_list":["post-11793","page","type-page","status-publish","hentry"],"yoast_head":"<!-- This site is optimized with the Yoast SEO plugin v27.4 - https:\/\/yoast.com\/product\/yoast-seo-wordpress\/ -->\n<title>Miot R - 2024 - La Componella FCI<\/title>\n<meta name=\"robots\" content=\"index, follow, max-snippet:-1, max-image-preview:large, max-video-preview:-1\" \/>\n<link rel=\"canonical\" href=\"https:\/\/lacomponella.com\/WordPress3\/?page_id=11793\" \/>\n<meta property=\"og:locale\" content=\"pl_PL\" \/>\n<meta property=\"og:type\" content=\"article\" \/>\n<meta property=\"og:title\" content=\"Miot R - 2024 - La Componella FCI\" \/>\n<meta property=\"og:description\" content=\"***Teraz mamy 5 szczeni\u0105t. Urodzi\u0142y si\u0119 21.06.2024*** *3 pieski i 2 suczki* 3 pieski: RICO &#8211; zarezerwowany ROCH &#8211; zarezerwowany RUSTY &#8211; zarezerwowany 2 suczki: RAYA &#8211; zarezerwowana RONA &#8211; zarezerwowana Zainteresowanych zapraszam do kontaktu ***mama: ERYKA La Componella (ojciec: REVLOCH OZZY OSBOURNE x MOLLY Cro Matic) *** ojciec: Best Stud Male 2020, 2021, 2022, [&hellip;]\" \/>\n<meta property=\"og:url\" content=\"https:\/\/lacomponella.com\/WordPress3\/?page_id=11793\" \/>\n<meta property=\"og:site_name\" content=\"La Componella FCI\" \/>\n<meta property=\"article:modified_time\" content=\"2024-08-31T14:15:28+00:00\" \/>\n<meta name=\"twitter:card\" content=\"summary_large_image\" \/>\n<script type=\"application\/ld+json\" class=\"yoast-schema-graph\">{\"@context\":\"https:\\\/\\\/schema.org\",\"@graph\":[{\"@type\":\"WebPage\",\"@id\":\"https:\\\/\\\/lacomponella.com\\\/WordPress3\\\/?page_id=11793\",\"url\":\"https:\\\/\\\/lacomponella.com\\\/WordPress3\\\/?page_id=11793\",\"name\":\"Miot R - 2024 - La Componella FCI\",\"isPartOf\":{\"@id\":\"https:\\\/\\\/lacomponella.com\\\/WordPress3\\\/#website\"},\"datePublished\":\"2024-08-31T14:13:08+00:00\",\"dateModified\":\"2024-08-31T14:15:28+00:00\",\"breadcrumb\":{\"@id\":\"https:\\\/\\\/lacomponella.com\\\/WordPress3\\\/?page_id=11793#breadcrumb\"},\"inLanguage\":\"pl-PL\",\"potentialAction\":[{\"@type\":\"ReadAction\",\"target\":[\"https:\\\/\\\/lacomponella.com\\\/WordPress3\\\/?page_id=11793\"]}]},{\"@type\":\"BreadcrumbList\",\"@id\":\"https:\\\/\\\/lacomponella.com\\\/WordPress3\\\/?page_id=11793#breadcrumb\",\"itemListElement\":[{\"@type\":\"ListItem\",\"position\":1,\"name\":\"Strona g\u0142\u00f3wna\",\"item\":\"https:\\\/\\\/lacomponella.com\\\/WordPress3\\\/?page_id=4991\"},{\"@type\":\"ListItem\",\"position\":2,\"name\":\"Miot R &#8211; 2024\"}]},{\"@type\":\"WebSite\",\"@id\":\"https:\\\/\\\/lacomponella.com\\\/WordPress3\\\/#website\",\"url\":\"https:\\\/\\\/lacomponella.com\\\/WordPress3\\\/\",\"name\":\"La Componella FCI\",\"description\":\"Hodowla Dog Niemiecki, Xolo i Owczarek Belgijski\",\"potentialAction\":[{\"@type\":\"SearchAction\",\"target\":{\"@type\":\"EntryPoint\",\"urlTemplate\":\"https:\\\/\\\/lacomponella.com\\\/WordPress3\\\/?s={search_term_string}\"},\"query-input\":{\"@type\":\"PropertyValueSpecification\",\"valueRequired\":true,\"valueName\":\"search_term_string\"}}],\"inLanguage\":\"pl-PL\"}]}<\/script>\n<!-- \/ Yoast SEO plugin. -->","yoast_head_json":{"title":"Miot R - 2024 - La Componella FCI","robots":{"index":"index","follow":"follow","max-snippet":"max-snippet:-1","max-image-preview":"max-image-preview:large","max-video-preview":"max-video-preview:-1"},"canonical":"https:\/\/lacomponella.com\/WordPress3\/?page_id=11793","og_locale":"pl_PL","og_type":"article","og_title":"Miot R - 2024 - La Componella FCI","og_description":"***Teraz mamy 5 szczeni\u0105t. Urodzi\u0142y si\u0119 21.06.2024*** *3 pieski i 2 suczki* 3 pieski: RICO &#8211; zarezerwowany ROCH &#8211; zarezerwowany RUSTY &#8211; zarezerwowany 2 suczki: RAYA &#8211; zarezerwowana RONA &#8211; zarezerwowana Zainteresowanych zapraszam do kontaktu ***mama: ERYKA La Componella (ojciec: REVLOCH OZZY OSBOURNE x MOLLY Cro Matic) *** ojciec: Best Stud Male 2020, 2021, 2022, [&hellip;]","og_url":"https:\/\/lacomponella.com\/WordPress3\/?page_id=11793","og_site_name":"La Componella FCI","article_modified_time":"2024-08-31T14:15:28+00:00","twitter_card":"summary_large_image","schema":{"@context":"https:\/\/schema.org","@graph":[{"@type":"WebPage","@id":"https:\/\/lacomponella.com\/WordPress3\/?page_id=11793","url":"https:\/\/lacomponella.com\/WordPress3\/?page_id=11793","name":"Miot R - 2024 - La Componella FCI","isPartOf":{"@id":"https:\/\/lacomponella.com\/WordPress3\/#website"},"datePublished":"2024-08-31T14:13:08+00:00","dateModified":"2024-08-31T14:15:28+00:00","breadcrumb":{"@id":"https:\/\/lacomponella.com\/WordPress3\/?page_id=11793#breadcrumb"},"inLanguage":"pl-PL","potentialAction":[{"@type":"ReadAction","target":["https:\/\/lacomponella.com\/WordPress3\/?page_id=11793"]}]},{"@type":"BreadcrumbList","@id":"https:\/\/lacomponella.com\/WordPress3\/?page_id=11793#breadcrumb","itemListElement":[{"@type":"ListItem","position":1,"name":"Strona g\u0142\u00f3wna","item":"https:\/\/lacomponella.com\/WordPress3\/?page_id=4991"},{"@type":"ListItem","position":2,"name":"Miot R &#8211; 2024"}]},{"@type":"WebSite","@id":"https:\/\/lacomponella.com\/WordPress3\/#website","url":"https:\/\/lacomponella.com\/WordPress3\/","name":"La Componella FCI","description":"Hodowla Dog Niemiecki, Xolo i Owczarek Belgijski","potentialAction":[{"@type":"SearchAction","target":{"@type":"EntryPoint","urlTemplate":"https:\/\/lacomponella.com\/WordPress3\/?s={search_term_string}"},"query-input":{"@type":"PropertyValueSpecification","valueRequired":true,"valueName":"search_term_string"}}],"inLanguage":"pl-PL"}]}},"_links":{"self":[{"href":"https:\/\/lacomponella.com\/WordPress3\/index.php?rest_route=\/wp\/v2\/pages\/11793","targetHints":{"allow":["GET"]}}],"collection":[{"href":"https:\/\/lacomponella.com\/WordPress3\/index.php?rest_route=\/wp\/v2\/pages"}],"about":[{"href":"https:\/\/lacomponella.com\/WordPress3\/index.php?rest_route=\/wp\/v2\/types\/page"}],"author":[{"embeddable":true,"href":"https:\/\/lacomponella.com\/WordPress3\/index.php?rest_route=\/wp\/v2\/users\/1"}],"replies":[{"embeddable":true,"href":"https:\/\/lacomponella.com\/WordPress3\/index.php?rest_route=%2Fwp%2Fv2%2Fcomments&post=11793"}],"version-history":[{"count":2,"href":"https:\/\/lacomponella.com\/WordPress3\/index.php?rest_route=\/wp\/v2\/pages\/11793\/revisions"}],"predecessor-version":[{"id":11798,"href":"https:\/\/lacomponella.com\/WordPress3\/index.php?rest_route=\/wp\/v2\/pages\/11793\/revisions\/11798"}],"wp:attachment":[{"href":"https:\/\/lacomponella.com\/WordPress3\/index.php?rest_route=%2Fwp%2Fv2%2Fmedia&parent=11793"}],"curies":[{"name":"wp","href":"https:\/\/api.w.org\/{rel}","templated":true}]}}