{"id":12690,"date":"2025-08-02T22:37:34","date_gmt":"2025-08-02T22:37:34","guid":{"rendered":"https:\/\/lacomponella.com\/WordPress3\/?page_id=12690"},"modified":"2026-04-13T22:25:21","modified_gmt":"2026-04-13T22:25:21","slug":"szczenieta-goncze","status":"publish","type":"page","link":"https:\/\/lacomponella.com\/WordPress3\/?page_id=12690","title":{"rendered":"Szczeni\u0119ta Go\u0144cze"},"content":{"rendered":"<p><span style=\"color: #000080;\">Mamy ci\u0105\u017c\u0119 potwierdzon\u0105 USG!! Szczeni\u0119ta przyjd\u0105 na \u015bwiat w maju 2026. <\/span><\/p>\n<p>Przyjmujemy rezerwacje!<\/p>\n<p><img fetchpriority=\"high\" decoding=\"async\" class=\"aligncenter size-full wp-image-12701\" src=\"https:\/\/lacomponella.com\/WordPress3\/wp-content\/uploads\/2025\/08\/68598f19-4397-45ee-b542-0196b8de0488.jpg\" alt=\"\" width=\"2048\" height=\"1083\" srcset=\"https:\/\/lacomponella.com\/WordPress3\/wp-content\/uploads\/2025\/08\/68598f19-4397-45ee-b542-0196b8de0488.jpg 2048w, https:\/\/lacomponella.com\/WordPress3\/wp-content\/uploads\/2025\/08\/68598f19-4397-45ee-b542-0196b8de0488-300x159.jpg 300w, https:\/\/lacomponella.com\/WordPress3\/wp-content\/uploads\/2025\/08\/68598f19-4397-45ee-b542-0196b8de0488-1024x542.jpg 1024w, https:\/\/lacomponella.com\/WordPress3\/wp-content\/uploads\/2025\/08\/68598f19-4397-45ee-b542-0196b8de0488-768x406.jpg 768w, https:\/\/lacomponella.com\/WordPress3\/wp-content\/uploads\/2025\/08\/68598f19-4397-45ee-b542-0196b8de0488-1536x812.jpg 1536w\" sizes=\"(max-width: 2048px) 100vw, 2048px\" \/><\/p>\n<p>Tato miotu:<\/p>\n<p><img decoding=\"async\" class=\"aligncenter size-full wp-image-12693\" src=\"https:\/\/lacomponella.com\/WordPress3\/wp-content\/uploads\/2025\/08\/513996073_24342764998662390_1007233834453585476_n.jpg\" alt=\"\" width=\"2048\" height=\"1448\" srcset=\"https:\/\/lacomponella.com\/WordPress3\/wp-content\/uploads\/2025\/08\/513996073_24342764998662390_1007233834453585476_n.jpg 2048w, https:\/\/lacomponella.com\/WordPress3\/wp-content\/uploads\/2025\/08\/513996073_24342764998662390_1007233834453585476_n-300x212.jpg 300w, https:\/\/lacomponella.com\/WordPress3\/wp-content\/uploads\/2025\/08\/513996073_24342764998662390_1007233834453585476_n-1024x724.jpg 1024w, https:\/\/lacomponella.com\/WordPress3\/wp-content\/uploads\/2025\/08\/513996073_24342764998662390_1007233834453585476_n-768x543.jpg 768w, https:\/\/lacomponella.com\/WordPress3\/wp-content\/uploads\/2025\/08\/513996073_24342764998662390_1007233834453585476_n-1536x1086.jpg 1536w\" sizes=\"(max-width: 2048px) 100vw, 2048px\" \/><\/p>\n<p>&nbsp;<\/p>\n<p>Pierwsze dni:<br \/>\n<img decoding=\"async\" class=\"aligncenter size-full wp-image-12694\" src=\"https:\/\/lacomponella.com\/WordPress3\/wp-content\/uploads\/2025\/08\/520882698_24358235030468340_4302211692039712236_n-1.jpg\" alt=\"\" width=\"1020\" height=\"768\" srcset=\"https:\/\/lacomponella.com\/WordPress3\/wp-content\/uploads\/2025\/08\/520882698_24358235030468340_4302211692039712236_n-1.jpg 1020w, https:\/\/lacomponella.com\/WordPress3\/wp-content\/uploads\/2025\/08\/520882698_24358235030468340_4302211692039712236_n-1-300x226.jpg 300w, https:\/\/lacomponella.com\/WordPress3\/wp-content\/uploads\/2025\/08\/520882698_24358235030468340_4302211692039712236_n-1-768x578.jpg 768w\" sizes=\"(max-width: 1020px) 100vw, 1020px\" \/> <img loading=\"lazy\" decoding=\"async\" class=\"aligncenter size-full wp-image-12695\" src=\"https:\/\/lacomponella.com\/WordPress3\/wp-content\/uploads\/2025\/08\/523830789_24358236380468205_4102045784040196234_n.jpg\" alt=\"\" width=\"1020\" height=\"768\" srcset=\"https:\/\/lacomponella.com\/WordPress3\/wp-content\/uploads\/2025\/08\/523830789_24358236380468205_4102045784040196234_n.jpg 1020w, https:\/\/lacomponella.com\/WordPress3\/wp-content\/uploads\/2025\/08\/523830789_24358236380468205_4102045784040196234_n-300x226.jpg 300w, https:\/\/lacomponella.com\/WordPress3\/wp-content\/uploads\/2025\/08\/523830789_24358236380468205_4102045784040196234_n-768x578.jpg 768w\" sizes=\"(max-width: 1020px) 100vw, 1020px\" \/> <img loading=\"lazy\" decoding=\"async\" class=\"aligncenter size-full wp-image-12696\" src=\"https:\/\/lacomponella.com\/WordPress3\/wp-content\/uploads\/2025\/08\/524212940_24358236363801540_180056227576427293_n.jpg\" alt=\"\" width=\"1020\" height=\"768\" srcset=\"https:\/\/lacomponella.com\/WordPress3\/wp-content\/uploads\/2025\/08\/524212940_24358236363801540_180056227576427293_n.jpg 1020w, https:\/\/lacomponella.com\/WordPress3\/wp-content\/uploads\/2025\/08\/524212940_24358236363801540_180056227576427293_n-300x226.jpg 300w, https:\/\/lacomponella.com\/WordPress3\/wp-content\/uploads\/2025\/08\/524212940_24358236363801540_180056227576427293_n-768x578.jpg 768w\" sizes=\"(max-width: 1020px) 100vw, 1020px\" \/><\/p>\n","protected":false},"excerpt":{"rendered":"<p>Mamy ci\u0105\u017c\u0119 potwierdzon\u0105 USG!! Szczeni\u0119ta przyjd\u0105 na \u015bwiat w maju 2026. Przyjmujemy rezerwacje! Tato miotu: &nbsp; Pierwsze dni:<\/p>\n","protected":false},"author":1,"featured_media":0,"parent":0,"menu_order":0,"comment_status":"closed","ping_status":"closed","template":"","meta":{"footnotes":""},"class_list":["post-12690","page","type-page","status-publish","hentry"],"yoast_head":"<!-- This site is optimized with the Yoast SEO plugin v27.4 - https:\/\/yoast.com\/product\/yoast-seo-wordpress\/ -->\n<title>Szczeni\u0119ta Go\u0144cze - La Componella FCI<\/title>\n<meta name=\"robots\" content=\"index, follow, max-snippet:-1, max-image-preview:large, max-video-preview:-1\" \/>\n<link rel=\"canonical\" href=\"https:\/\/lacomponella.com\/WordPress3\/?page_id=12690\" \/>\n<meta property=\"og:locale\" content=\"pl_PL\" \/>\n<meta property=\"og:type\" content=\"article\" \/>\n<meta property=\"og:title\" content=\"Szczeni\u0119ta Go\u0144cze - La Componella FCI\" \/>\n<meta property=\"og:description\" content=\"Mamy ci\u0105\u017c\u0119 potwierdzon\u0105 USG!! Szczeni\u0119ta przyjd\u0105 na \u015bwiat w maju 2026. Przyjmujemy rezerwacje! Tato miotu: &nbsp; Pierwsze dni:\" \/>\n<meta property=\"og:url\" content=\"https:\/\/lacomponella.com\/WordPress3\/?page_id=12690\" \/>\n<meta property=\"og:site_name\" content=\"La Componella FCI\" \/>\n<meta property=\"article:modified_time\" content=\"2026-04-13T22:25:21+00:00\" \/>\n<meta property=\"og:image\" content=\"https:\/\/lacomponella.com\/WordPress3\/wp-content\/uploads\/2025\/08\/68598f19-4397-45ee-b542-0196b8de0488.jpg\" \/>\n\t<meta property=\"og:image:width\" content=\"2048\" \/>\n\t<meta property=\"og:image:height\" content=\"1083\" \/>\n\t<meta property=\"og:image:type\" content=\"image\/jpeg\" \/>\n<meta name=\"twitter:card\" content=\"summary_large_image\" \/>\n<meta name=\"twitter:label1\" content=\"Szacowany czas czytania\" \/>\n\t<meta name=\"twitter:data1\" content=\"2 minuty\" \/>\n<script type=\"application\/ld+json\" class=\"yoast-schema-graph\">{\"@context\":\"https:\\\/\\\/schema.org\",\"@graph\":[{\"@type\":\"WebPage\",\"@id\":\"https:\\\/\\\/lacomponella.com\\\/WordPress3\\\/?page_id=12690\",\"url\":\"https:\\\/\\\/lacomponella.com\\\/WordPress3\\\/?page_id=12690\",\"name\":\"Szczeni\u0119ta Go\u0144cze - La Componella FCI\",\"isPartOf\":{\"@id\":\"https:\\\/\\\/lacomponella.com\\\/WordPress3\\\/#website\"},\"primaryImageOfPage\":{\"@id\":\"https:\\\/\\\/lacomponella.com\\\/WordPress3\\\/?page_id=12690#primaryimage\"},\"image\":{\"@id\":\"https:\\\/\\\/lacomponella.com\\\/WordPress3\\\/?page_id=12690#primaryimage\"},\"thumbnailUrl\":\"https:\\\/\\\/lacomponella.com\\\/WordPress3\\\/wp-content\\\/uploads\\\/2025\\\/08\\\/68598f19-4397-45ee-b542-0196b8de0488.jpg\",\"datePublished\":\"2025-08-02T22:37:34+00:00\",\"dateModified\":\"2026-04-13T22:25:21+00:00\",\"breadcrumb\":{\"@id\":\"https:\\\/\\\/lacomponella.com\\\/WordPress3\\\/?page_id=12690#breadcrumb\"},\"inLanguage\":\"pl-PL\",\"potentialAction\":[{\"@type\":\"ReadAction\",\"target\":[\"https:\\\/\\\/lacomponella.com\\\/WordPress3\\\/?page_id=12690\"]}]},{\"@type\":\"ImageObject\",\"inLanguage\":\"pl-PL\",\"@id\":\"https:\\\/\\\/lacomponella.com\\\/WordPress3\\\/?page_id=12690#primaryimage\",\"url\":\"https:\\\/\\\/lacomponella.com\\\/WordPress3\\\/wp-content\\\/uploads\\\/2025\\\/08\\\/68598f19-4397-45ee-b542-0196b8de0488.jpg\",\"contentUrl\":\"https:\\\/\\\/lacomponella.com\\\/WordPress3\\\/wp-content\\\/uploads\\\/2025\\\/08\\\/68598f19-4397-45ee-b542-0196b8de0488.jpg\",\"width\":2048,\"height\":1083},{\"@type\":\"BreadcrumbList\",\"@id\":\"https:\\\/\\\/lacomponella.com\\\/WordPress3\\\/?page_id=12690#breadcrumb\",\"itemListElement\":[{\"@type\":\"ListItem\",\"position\":1,\"name\":\"Strona g\u0142\u00f3wna\",\"item\":\"https:\\\/\\\/lacomponella.com\\\/WordPress3\\\/?page_id=4991\"},{\"@type\":\"ListItem\",\"position\":2,\"name\":\"Szczeni\u0119ta Go\u0144cze\"}]},{\"@type\":\"WebSite\",\"@id\":\"https:\\\/\\\/lacomponella.com\\\/WordPress3\\\/#website\",\"url\":\"https:\\\/\\\/lacomponella.com\\\/WordPress3\\\/\",\"name\":\"La Componella FCI\",\"description\":\"Hodowla Dog Niemiecki, Xolo i Owczarek Belgijski\",\"potentialAction\":[{\"@type\":\"SearchAction\",\"target\":{\"@type\":\"EntryPoint\",\"urlTemplate\":\"https:\\\/\\\/lacomponella.com\\\/WordPress3\\\/?s={search_term_string}\"},\"query-input\":{\"@type\":\"PropertyValueSpecification\",\"valueRequired\":true,\"valueName\":\"search_term_string\"}}],\"inLanguage\":\"pl-PL\"}]}<\/script>\n<!-- \/ Yoast SEO plugin. -->","yoast_head_json":{"title":"Szczeni\u0119ta Go\u0144cze - La Componella FCI","robots":{"index":"index","follow":"follow","max-snippet":"max-snippet:-1","max-image-preview":"max-image-preview:large","max-video-preview":"max-video-preview:-1"},"canonical":"https:\/\/lacomponella.com\/WordPress3\/?page_id=12690","og_locale":"pl_PL","og_type":"article","og_title":"Szczeni\u0119ta Go\u0144cze - La Componella FCI","og_description":"Mamy ci\u0105\u017c\u0119 potwierdzon\u0105 USG!! Szczeni\u0119ta przyjd\u0105 na \u015bwiat w maju 2026. Przyjmujemy rezerwacje! Tato miotu: &nbsp; Pierwsze dni:","og_url":"https:\/\/lacomponella.com\/WordPress3\/?page_id=12690","og_site_name":"La Componella FCI","article_modified_time":"2026-04-13T22:25:21+00:00","og_image":[{"width":2048,"height":1083,"url":"https:\/\/lacomponella.com\/WordPress3\/wp-content\/uploads\/2025\/08\/68598f19-4397-45ee-b542-0196b8de0488.jpg","type":"image\/jpeg"}],"twitter_card":"summary_large_image","twitter_misc":{"Szacowany czas czytania":"2 minuty"},"schema":{"@context":"https:\/\/schema.org","@graph":[{"@type":"WebPage","@id":"https:\/\/lacomponella.com\/WordPress3\/?page_id=12690","url":"https:\/\/lacomponella.com\/WordPress3\/?page_id=12690","name":"Szczeni\u0119ta Go\u0144cze - La Componella FCI","isPartOf":{"@id":"https:\/\/lacomponella.com\/WordPress3\/#website"},"primaryImageOfPage":{"@id":"https:\/\/lacomponella.com\/WordPress3\/?page_id=12690#primaryimage"},"image":{"@id":"https:\/\/lacomponella.com\/WordPress3\/?page_id=12690#primaryimage"},"thumbnailUrl":"https:\/\/lacomponella.com\/WordPress3\/wp-content\/uploads\/2025\/08\/68598f19-4397-45ee-b542-0196b8de0488.jpg","datePublished":"2025-08-02T22:37:34+00:00","dateModified":"2026-04-13T22:25:21+00:00","breadcrumb":{"@id":"https:\/\/lacomponella.com\/WordPress3\/?page_id=12690#breadcrumb"},"inLanguage":"pl-PL","potentialAction":[{"@type":"ReadAction","target":["https:\/\/lacomponella.com\/WordPress3\/?page_id=12690"]}]},{"@type":"ImageObject","inLanguage":"pl-PL","@id":"https:\/\/lacomponella.com\/WordPress3\/?page_id=12690#primaryimage","url":"https:\/\/lacomponella.com\/WordPress3\/wp-content\/uploads\/2025\/08\/68598f19-4397-45ee-b542-0196b8de0488.jpg","contentUrl":"https:\/\/lacomponella.com\/WordPress3\/wp-content\/uploads\/2025\/08\/68598f19-4397-45ee-b542-0196b8de0488.jpg","width":2048,"height":1083},{"@type":"BreadcrumbList","@id":"https:\/\/lacomponella.com\/WordPress3\/?page_id=12690#breadcrumb","itemListElement":[{"@type":"ListItem","position":1,"name":"Strona g\u0142\u00f3wna","item":"https:\/\/lacomponella.com\/WordPress3\/?page_id=4991"},{"@type":"ListItem","position":2,"name":"Szczeni\u0119ta Go\u0144cze"}]},{"@type":"WebSite","@id":"https:\/\/lacomponella.com\/WordPress3\/#website","url":"https:\/\/lacomponella.com\/WordPress3\/","name":"La Componella FCI","description":"Hodowla Dog Niemiecki, Xolo i Owczarek Belgijski","potentialAction":[{"@type":"SearchAction","target":{"@type":"EntryPoint","urlTemplate":"https:\/\/lacomponella.com\/WordPress3\/?s={search_term_string}"},"query-input":{"@type":"PropertyValueSpecification","valueRequired":true,"valueName":"search_term_string"}}],"inLanguage":"pl-PL"}]}},"_links":{"self":[{"href":"https:\/\/lacomponella.com\/WordPress3\/index.php?rest_route=\/wp\/v2\/pages\/12690","targetHints":{"allow":["GET"]}}],"collection":[{"href":"https:\/\/lacomponella.com\/WordPress3\/index.php?rest_route=\/wp\/v2\/pages"}],"about":[{"href":"https:\/\/lacomponella.com\/WordPress3\/index.php?rest_route=\/wp\/v2\/types\/page"}],"author":[{"embeddable":true,"href":"https:\/\/lacomponella.com\/WordPress3\/index.php?rest_route=\/wp\/v2\/users\/1"}],"replies":[{"embeddable":true,"href":"https:\/\/lacomponella.com\/WordPress3\/index.php?rest_route=%2Fwp%2Fv2%2Fcomments&post=12690"}],"version-history":[{"count":12,"href":"https:\/\/lacomponella.com\/WordPress3\/index.php?rest_route=\/wp\/v2\/pages\/12690\/revisions"}],"predecessor-version":[{"id":13154,"href":"https:\/\/lacomponella.com\/WordPress3\/index.php?rest_route=\/wp\/v2\/pages\/12690\/revisions\/13154"}],"wp:attachment":[{"href":"https:\/\/lacomponella.com\/WordPress3\/index.php?rest_route=%2Fwp%2Fv2%2Fmedia&parent=12690"}],"curies":[{"name":"wp","href":"https:\/\/api.w.org\/{rel}","templated":true}]}}