{"id":12961,"date":"2025-12-21T17:34:00","date_gmt":"2025-12-21T17:34:00","guid":{"rendered":"https:\/\/lacomponella.com\/WordPress3\/?page_id=12961"},"modified":"2025-12-21T17:34:01","modified_gmt":"2025-12-21T17:34:01","slug":"in-my-dream-la-componella","status":"publish","type":"page","link":"https:\/\/lacomponella.com\/WordPress3\/?page_id=12961","title":{"rendered":"IN MY DREAM La Componella"},"content":{"rendered":"<p>Suczka z krycia w Belgii:)<\/p>\n<p>Jej ojciec to legendarny <em>Eternity&#8217;s KWANDO. Na samym dole strony prezentujemy jego zdj\u0119cia.<\/em><\/p>\n<p><img fetchpriority=\"high\" decoding=\"async\" class=\"aligncenter size-full wp-image-12962\" src=\"https:\/\/lacomponella.com\/WordPress3\/wp-content\/uploads\/2025\/12\/IMG_0073.jpg\" alt=\"\" width=\"1713\" height=\"1375\" srcset=\"https:\/\/lacomponella.com\/WordPress3\/wp-content\/uploads\/2025\/12\/IMG_0073.jpg 1713w, https:\/\/lacomponella.com\/WordPress3\/wp-content\/uploads\/2025\/12\/IMG_0073-300x241.jpg 300w, https:\/\/lacomponella.com\/WordPress3\/wp-content\/uploads\/2025\/12\/IMG_0073-1024x822.jpg 1024w, https:\/\/lacomponella.com\/WordPress3\/wp-content\/uploads\/2025\/12\/IMG_0073-768x616.jpg 768w, https:\/\/lacomponella.com\/WordPress3\/wp-content\/uploads\/2025\/12\/IMG_0073-1536x1233.jpg 1536w\" sizes=\"(max-width: 1713px) 100vw, 1713px\" \/> <img decoding=\"async\" class=\"aligncenter size-full wp-image-12963\" src=\"https:\/\/lacomponella.com\/WordPress3\/wp-content\/uploads\/2025\/12\/IMG_0076-scaled.jpg\" alt=\"\" width=\"1800\" height=\"2560\" srcset=\"https:\/\/lacomponella.com\/WordPress3\/wp-content\/uploads\/2025\/12\/IMG_0076-scaled.jpg 1800w, https:\/\/lacomponella.com\/WordPress3\/wp-content\/uploads\/2025\/12\/IMG_0076-211x300.jpg 211w, https:\/\/lacomponella.com\/WordPress3\/wp-content\/uploads\/2025\/12\/IMG_0076-720x1024.jpg 720w, https:\/\/lacomponella.com\/WordPress3\/wp-content\/uploads\/2025\/12\/IMG_0076-768x1093.jpg 768w, https:\/\/lacomponella.com\/WordPress3\/wp-content\/uploads\/2025\/12\/IMG_0076-1080x1536.jpg 1080w, https:\/\/lacomponella.com\/WordPress3\/wp-content\/uploads\/2025\/12\/IMG_0076-1440x2048.jpg 1440w\" sizes=\"(max-width: 1800px) 100vw, 1800px\" \/> <img decoding=\"async\" class=\"aligncenter size-full wp-image-12964\" src=\"https:\/\/lacomponella.com\/WordPress3\/wp-content\/uploads\/2025\/12\/IMG_0078-scaled.jpg\" alt=\"\" width=\"1854\" height=\"2560\" srcset=\"https:\/\/lacomponella.com\/WordPress3\/wp-content\/uploads\/2025\/12\/IMG_0078-scaled.jpg 1854w, https:\/\/lacomponella.com\/WordPress3\/wp-content\/uploads\/2025\/12\/IMG_0078-217x300.jpg 217w, https:\/\/lacomponella.com\/WordPress3\/wp-content\/uploads\/2025\/12\/IMG_0078-741x1024.jpg 741w, https:\/\/lacomponella.com\/WordPress3\/wp-content\/uploads\/2025\/12\/IMG_0078-768x1061.jpg 768w, https:\/\/lacomponella.com\/WordPress3\/wp-content\/uploads\/2025\/12\/IMG_0078-1112x1536.jpg 1112w, https:\/\/lacomponella.com\/WordPress3\/wp-content\/uploads\/2025\/12\/IMG_0078-1483x2048.jpg 1483w\" sizes=\"(max-width: 1854px) 100vw, 1854px\" \/> <img loading=\"lazy\" decoding=\"async\" class=\"aligncenter size-full wp-image-12965\" src=\"https:\/\/lacomponella.com\/WordPress3\/wp-content\/uploads\/2025\/12\/IMG_0085-scaled.jpg\" alt=\"\" width=\"2010\" height=\"2560\" srcset=\"https:\/\/lacomponella.com\/WordPress3\/wp-content\/uploads\/2025\/12\/IMG_0085-scaled.jpg 2010w, https:\/\/lacomponella.com\/WordPress3\/wp-content\/uploads\/2025\/12\/IMG_0085-236x300.jpg 236w, https:\/\/lacomponella.com\/WordPress3\/wp-content\/uploads\/2025\/12\/IMG_0085-804x1024.jpg 804w, https:\/\/lacomponella.com\/WordPress3\/wp-content\/uploads\/2025\/12\/IMG_0085-768x978.jpg 768w, https:\/\/lacomponella.com\/WordPress3\/wp-content\/uploads\/2025\/12\/IMG_0085-1206x1536.jpg 1206w, https:\/\/lacomponella.com\/WordPress3\/wp-content\/uploads\/2025\/12\/IMG_0085-1608x2048.jpg 1608w\" sizes=\"(max-width: 2010px) 100vw, 2010px\" \/> <img loading=\"lazy\" decoding=\"async\" class=\"aligncenter size-full wp-image-12966\" src=\"https:\/\/lacomponella.com\/WordPress3\/wp-content\/uploads\/2025\/12\/IMG_0086-scaled.jpg\" alt=\"\" width=\"1877\" height=\"2560\" srcset=\"https:\/\/lacomponella.com\/WordPress3\/wp-content\/uploads\/2025\/12\/IMG_0086-scaled.jpg 1877w, https:\/\/lacomponella.com\/WordPress3\/wp-content\/uploads\/2025\/12\/IMG_0086-220x300.jpg 220w, https:\/\/lacomponella.com\/WordPress3\/wp-content\/uploads\/2025\/12\/IMG_0086-751x1024.jpg 751w, https:\/\/lacomponella.com\/WordPress3\/wp-content\/uploads\/2025\/12\/IMG_0086-768x1048.jpg 768w, https:\/\/lacomponella.com\/WordPress3\/wp-content\/uploads\/2025\/12\/IMG_0086-1126x1536.jpg 1126w, https:\/\/lacomponella.com\/WordPress3\/wp-content\/uploads\/2025\/12\/IMG_0086-1501x2048.jpg 1501w\" sizes=\"(max-width: 1877px) 100vw, 1877px\" \/> <img loading=\"lazy\" decoding=\"async\" class=\"aligncenter size-full wp-image-12967\" src=\"https:\/\/lacomponella.com\/WordPress3\/wp-content\/uploads\/2025\/12\/IMG_0088-scaled.jpg\" alt=\"\" width=\"1906\" height=\"2560\" srcset=\"https:\/\/lacomponella.com\/WordPress3\/wp-content\/uploads\/2025\/12\/IMG_0088-scaled.jpg 1906w, https:\/\/lacomponella.com\/WordPress3\/wp-content\/uploads\/2025\/12\/IMG_0088-223x300.jpg 223w, https:\/\/lacomponella.com\/WordPress3\/wp-content\/uploads\/2025\/12\/IMG_0088-763x1024.jpg 763w, https:\/\/lacomponella.com\/WordPress3\/wp-content\/uploads\/2025\/12\/IMG_0088-768x1031.jpg 768w, https:\/\/lacomponella.com\/WordPress3\/wp-content\/uploads\/2025\/12\/IMG_0088-1144x1536.jpg 1144w, https:\/\/lacomponella.com\/WordPress3\/wp-content\/uploads\/2025\/12\/IMG_0088-1525x2048.jpg 1525w\" sizes=\"(max-width: 1906px) 100vw, 1906px\" \/> <img loading=\"lazy\" decoding=\"async\" class=\"aligncenter size-full wp-image-12968\" src=\"https:\/\/lacomponella.com\/WordPress3\/wp-content\/uploads\/2025\/12\/IMG_0089-scaled.jpg\" alt=\"\" width=\"1707\" height=\"2560\" srcset=\"https:\/\/lacomponella.com\/WordPress3\/wp-content\/uploads\/2025\/12\/IMG_0089-scaled.jpg 1707w, https:\/\/lacomponella.com\/WordPress3\/wp-content\/uploads\/2025\/12\/IMG_0089-200x300.jpg 200w, https:\/\/lacomponella.com\/WordPress3\/wp-content\/uploads\/2025\/12\/IMG_0089-683x1024.jpg 683w, https:\/\/lacomponella.com\/WordPress3\/wp-content\/uploads\/2025\/12\/IMG_0089-768x1152.jpg 768w, https:\/\/lacomponella.com\/WordPress3\/wp-content\/uploads\/2025\/12\/IMG_0089-1024x1536.jpg 1024w, https:\/\/lacomponella.com\/WordPress3\/wp-content\/uploads\/2025\/12\/IMG_0089-1365x2048.jpg 1365w\" sizes=\"(max-width: 1707px) 100vw, 1707px\" \/> <img loading=\"lazy\" decoding=\"async\" class=\"aligncenter size-full wp-image-12969\" src=\"https:\/\/lacomponella.com\/WordPress3\/wp-content\/uploads\/2025\/12\/IMG_0097-scaled.jpg\" alt=\"\" width=\"2560\" height=\"1707\" srcset=\"https:\/\/lacomponella.com\/WordPress3\/wp-content\/uploads\/2025\/12\/IMG_0097-scaled.jpg 2560w, https:\/\/lacomponella.com\/WordPress3\/wp-content\/uploads\/2025\/12\/IMG_0097-300x200.jpg 300w, https:\/\/lacomponella.com\/WordPress3\/wp-content\/uploads\/2025\/12\/IMG_0097-1024x683.jpg 1024w, https:\/\/lacomponella.com\/WordPress3\/wp-content\/uploads\/2025\/12\/IMG_0097-768x512.jpg 768w, https:\/\/lacomponella.com\/WordPress3\/wp-content\/uploads\/2025\/12\/IMG_0097-1536x1024.jpg 1536w, https:\/\/lacomponella.com\/WordPress3\/wp-content\/uploads\/2025\/12\/IMG_0097-2048x1365.jpg 2048w\" sizes=\"(max-width: 2560px) 100vw, 2560px\" \/> <img loading=\"lazy\" decoding=\"async\" class=\"aligncenter size-full wp-image-12970\" src=\"https:\/\/lacomponella.com\/WordPress3\/wp-content\/uploads\/2025\/12\/IMG_0100-scaled.jpg\" alt=\"\" width=\"2560\" height=\"2110\" srcset=\"https:\/\/lacomponella.com\/WordPress3\/wp-content\/uploads\/2025\/12\/IMG_0100-scaled.jpg 2560w, https:\/\/lacomponella.com\/WordPress3\/wp-content\/uploads\/2025\/12\/IMG_0100-300x247.jpg 300w, https:\/\/lacomponella.com\/WordPress3\/wp-content\/uploads\/2025\/12\/IMG_0100-1024x844.jpg 1024w, https:\/\/lacomponella.com\/WordPress3\/wp-content\/uploads\/2025\/12\/IMG_0100-768x633.jpg 768w, https:\/\/lacomponella.com\/WordPress3\/wp-content\/uploads\/2025\/12\/IMG_0100-1536x1266.jpg 1536w, https:\/\/lacomponella.com\/WordPress3\/wp-content\/uploads\/2025\/12\/IMG_0100-2048x1688.jpg 2048w\" sizes=\"(max-width: 2560px) 100vw, 2560px\" \/><\/p>\n<p><em>Eternity&#8217;s KWANDO<\/em><br \/>\n<img loading=\"lazy\" decoding=\"async\" class=\"aligncenter size-full wp-image-12971\" src=\"https:\/\/lacomponella.com\/WordPress3\/wp-content\/uploads\/2025\/12\/38085497_10216780238568469_86822918507462656_n.jpg\" alt=\"\" width=\"1500\" height=\"2048\" srcset=\"https:\/\/lacomponella.com\/WordPress3\/wp-content\/uploads\/2025\/12\/38085497_10216780238568469_86822918507462656_n.jpg 1500w, https:\/\/lacomponella.com\/WordPress3\/wp-content\/uploads\/2025\/12\/38085497_10216780238568469_86822918507462656_n-220x300.jpg 220w, https:\/\/lacomponella.com\/WordPress3\/wp-content\/uploads\/2025\/12\/38085497_10216780238568469_86822918507462656_n-750x1024.jpg 750w, https:\/\/lacomponella.com\/WordPress3\/wp-content\/uploads\/2025\/12\/38085497_10216780238568469_86822918507462656_n-768x1049.jpg 768w, https:\/\/lacomponella.com\/WordPress3\/wp-content\/uploads\/2025\/12\/38085497_10216780238568469_86822918507462656_n-1125x1536.jpg 1125w\" sizes=\"(max-width: 1500px) 100vw, 1500px\" \/> <img loading=\"lazy\" decoding=\"async\" class=\"aligncenter size-full wp-image-12972\" src=\"https:\/\/lacomponella.com\/WordPress3\/wp-content\/uploads\/2025\/12\/38273601_10216780238288462_5057550189787611136_n.jpg\" alt=\"\" width=\"1525\" height=\"2048\" srcset=\"https:\/\/lacomponella.com\/WordPress3\/wp-content\/uploads\/2025\/12\/38273601_10216780238288462_5057550189787611136_n.jpg 1525w, https:\/\/lacomponella.com\/WordPress3\/wp-content\/uploads\/2025\/12\/38273601_10216780238288462_5057550189787611136_n-223x300.jpg 223w, https:\/\/lacomponella.com\/WordPress3\/wp-content\/uploads\/2025\/12\/38273601_10216780238288462_5057550189787611136_n-763x1024.jpg 763w, https:\/\/lacomponella.com\/WordPress3\/wp-content\/uploads\/2025\/12\/38273601_10216780238288462_5057550189787611136_n-768x1031.jpg 768w, https:\/\/lacomponella.com\/WordPress3\/wp-content\/uploads\/2025\/12\/38273601_10216780238288462_5057550189787611136_n-1144x1536.jpg 1144w\" sizes=\"(max-width: 1525px) 100vw, 1525px\" \/> <img loading=\"lazy\" decoding=\"async\" class=\"aligncenter size-full wp-image-12973\" src=\"https:\/\/lacomponella.com\/WordPress3\/wp-content\/uploads\/2025\/12\/38411797_10216780239088482_7490558637945913344_n.jpg\" alt=\"\" width=\"1519\" height=\"2048\" srcset=\"https:\/\/lacomponella.com\/WordPress3\/wp-content\/uploads\/2025\/12\/38411797_10216780239088482_7490558637945913344_n.jpg 1519w, https:\/\/lacomponella.com\/WordPress3\/wp-content\/uploads\/2025\/12\/38411797_10216780239088482_7490558637945913344_n-223x300.jpg 223w, https:\/\/lacomponella.com\/WordPress3\/wp-content\/uploads\/2025\/12\/38411797_10216780239088482_7490558637945913344_n-760x1024.jpg 760w, https:\/\/lacomponella.com\/WordPress3\/wp-content\/uploads\/2025\/12\/38411797_10216780239088482_7490558637945913344_n-768x1035.jpg 768w, https:\/\/lacomponella.com\/WordPress3\/wp-content\/uploads\/2025\/12\/38411797_10216780239088482_7490558637945913344_n-1139x1536.jpg 1139w\" sizes=\"(max-width: 1519px) 100vw, 1519px\" \/> <img loading=\"lazy\" decoding=\"async\" class=\"aligncenter size-full wp-image-12974\" src=\"https:\/\/lacomponella.com\/WordPress3\/wp-content\/uploads\/2025\/12\/98345268_10222325407794234_5233941700610621440_n.jpg\" alt=\"\" width=\"631\" height=\"540\" srcset=\"https:\/\/lacomponella.com\/WordPress3\/wp-content\/uploads\/2025\/12\/98345268_10222325407794234_5233941700610621440_n.jpg 631w, https:\/\/lacomponella.com\/WordPress3\/wp-content\/uploads\/2025\/12\/98345268_10222325407794234_5233941700610621440_n-300x257.jpg 300w\" sizes=\"(max-width: 631px) 100vw, 631px\" \/> <img loading=\"lazy\" decoding=\"async\" class=\"aligncenter size-full wp-image-12975\" src=\"https:\/\/lacomponella.com\/WordPress3\/wp-content\/uploads\/2025\/12\/178966925_10225572559050986_3334513428041441342_n.jpg\" alt=\"\" width=\"1080\" height=\"1620\" srcset=\"https:\/\/lacomponella.com\/WordPress3\/wp-content\/uploads\/2025\/12\/178966925_10225572559050986_3334513428041441342_n.jpg 1080w, https:\/\/lacomponella.com\/WordPress3\/wp-content\/uploads\/2025\/12\/178966925_10225572559050986_3334513428041441342_n-200x300.jpg 200w, https:\/\/lacomponella.com\/WordPress3\/wp-content\/uploads\/2025\/12\/178966925_10225572559050986_3334513428041441342_n-683x1024.jpg 683w, https:\/\/lacomponella.com\/WordPress3\/wp-content\/uploads\/2025\/12\/178966925_10225572559050986_3334513428041441342_n-768x1152.jpg 768w, https:\/\/lacomponella.com\/WordPress3\/wp-content\/uploads\/2025\/12\/178966925_10225572559050986_3334513428041441342_n-1024x1536.jpg 1024w\" sizes=\"(max-width: 1080px) 100vw, 1080px\" \/> <img loading=\"lazy\" decoding=\"async\" class=\"aligncenter size-full wp-image-12976\" src=\"https:\/\/lacomponella.com\/WordPress3\/wp-content\/uploads\/2025\/12\/kwando134909488_10224207938256319_6877672517918876910_n.jpg\" alt=\"\" width=\"960\" height=\"640\" srcset=\"https:\/\/lacomponella.com\/WordPress3\/wp-content\/uploads\/2025\/12\/kwando134909488_10224207938256319_6877672517918876910_n.jpg 960w, https:\/\/lacomponella.com\/WordPress3\/wp-content\/uploads\/2025\/12\/kwando134909488_10224207938256319_6877672517918876910_n-300x200.jpg 300w, https:\/\/lacomponella.com\/WordPress3\/wp-content\/uploads\/2025\/12\/kwando134909488_10224207938256319_6877672517918876910_n-768x512.jpg 768w\" sizes=\"(max-width: 960px) 100vw, 960px\" \/><\/p>\n<p>A tutaj mo\u017cna zobaczy\u0107 oboje rodzic\u00f3w IN MY DREAM La Componella FCI<\/p>\n<p><img loading=\"lazy\" decoding=\"async\" class=\"aligncenter size-full wp-image-12977\" src=\"https:\/\/lacomponella.com\/WordPress3\/wp-content\/uploads\/2025\/12\/AA-best-3.3.jpg\" alt=\"\" width=\"903\" height=\"1060\" srcset=\"https:\/\/lacomponella.com\/WordPress3\/wp-content\/uploads\/2025\/12\/AA-best-3.3.jpg 903w, https:\/\/lacomponella.com\/WordPress3\/wp-content\/uploads\/2025\/12\/AA-best-3.3-256x300.jpg 256w, https:\/\/lacomponella.com\/WordPress3\/wp-content\/uploads\/2025\/12\/AA-best-3.3-872x1024.jpg 872w, https:\/\/lacomponella.com\/WordPress3\/wp-content\/uploads\/2025\/12\/AA-best-3.3-768x902.jpg 768w\" sizes=\"(max-width: 903px) 100vw, 903px\" \/> <img loading=\"lazy\" decoding=\"async\" class=\"aligncenter size-full wp-image-12978\" src=\"https:\/\/lacomponella.com\/WordPress3\/wp-content\/uploads\/2025\/12\/belgi-zapowiedz4.jpg\" alt=\"\" width=\"1200\" height=\"1067\" srcset=\"https:\/\/lacomponella.com\/WordPress3\/wp-content\/uploads\/2025\/12\/belgi-zapowiedz4.jpg 1200w, https:\/\/lacomponella.com\/WordPress3\/wp-content\/uploads\/2025\/12\/belgi-zapowiedz4-300x267.jpg 300w, https:\/\/lacomponella.com\/WordPress3\/wp-content\/uploads\/2025\/12\/belgi-zapowiedz4-1024x911.jpg 1024w, https:\/\/lacomponella.com\/WordPress3\/wp-content\/uploads\/2025\/12\/belgi-zapowiedz4-768x683.jpg 768w\" sizes=\"(max-width: 1200px) 100vw, 1200px\" \/><\/p>\n","protected":false},"excerpt":{"rendered":"<p>Suczka z krycia w Belgii:) Jej ojciec to legendarny Eternity&#8217;s KWANDO. Na samym dole strony prezentujemy jego zdj\u0119cia. Eternity&#8217;s KWANDO A tutaj mo\u017cna zobaczy\u0107 oboje rodzic\u00f3w IN MY DREAM La Componella FCI<\/p>\n","protected":false},"author":1,"featured_media":0,"parent":0,"menu_order":0,"comment_status":"closed","ping_status":"closed","template":"","meta":{"footnotes":""},"class_list":["post-12961","page","type-page","status-publish","hentry"],"yoast_head":"<!-- This site is optimized with the Yoast SEO plugin v27.5 - https:\/\/yoast.com\/product\/yoast-seo-wordpress\/ -->\n<title>IN MY DREAM La Componella - La Componella FCI<\/title>\n<meta name=\"robots\" content=\"index, follow, max-snippet:-1, max-image-preview:large, max-video-preview:-1\" \/>\n<link rel=\"canonical\" href=\"https:\/\/lacomponella.com\/WordPress3\/?page_id=12961\" \/>\n<meta property=\"og:locale\" content=\"pl_PL\" \/>\n<meta property=\"og:type\" content=\"article\" \/>\n<meta property=\"og:title\" content=\"IN MY DREAM La Componella - La Componella FCI\" \/>\n<meta property=\"og:description\" content=\"Suczka z krycia w Belgii:) Jej ojciec to legendarny Eternity&#8217;s KWANDO. Na samym dole strony prezentujemy jego zdj\u0119cia. Eternity&#8217;s KWANDO A tutaj mo\u017cna zobaczy\u0107 oboje rodzic\u00f3w IN MY DREAM La Componella FCI\" \/>\n<meta property=\"og:url\" content=\"https:\/\/lacomponella.com\/WordPress3\/?page_id=12961\" \/>\n<meta property=\"og:site_name\" content=\"La Componella FCI\" \/>\n<meta property=\"article:modified_time\" content=\"2025-12-21T17:34:01+00:00\" \/>\n<meta property=\"og:image\" content=\"https:\/\/lacomponella.com\/WordPress3\/wp-content\/uploads\/2025\/12\/IMG_0073.jpg\" \/>\n\t<meta property=\"og:image:width\" content=\"1713\" \/>\n\t<meta property=\"og:image:height\" content=\"1375\" \/>\n\t<meta property=\"og:image:type\" content=\"image\/jpeg\" \/>\n<meta name=\"twitter:card\" content=\"summary_large_image\" \/>\n<meta name=\"twitter:label1\" content=\"Szacowany czas czytania\" \/>\n\t<meta name=\"twitter:data1\" content=\"4 minuty\" \/>\n<script type=\"application\/ld+json\" class=\"yoast-schema-graph\">{\"@context\":\"https:\\\/\\\/schema.org\",\"@graph\":[{\"@type\":\"WebPage\",\"@id\":\"https:\\\/\\\/lacomponella.com\\\/WordPress3\\\/?page_id=12961\",\"url\":\"https:\\\/\\\/lacomponella.com\\\/WordPress3\\\/?page_id=12961\",\"name\":\"IN MY DREAM La Componella - La Componella FCI\",\"isPartOf\":{\"@id\":\"https:\\\/\\\/lacomponella.com\\\/WordPress3\\\/#website\"},\"primaryImageOfPage\":{\"@id\":\"https:\\\/\\\/lacomponella.com\\\/WordPress3\\\/?page_id=12961#primaryimage\"},\"image\":{\"@id\":\"https:\\\/\\\/lacomponella.com\\\/WordPress3\\\/?page_id=12961#primaryimage\"},\"thumbnailUrl\":\"https:\\\/\\\/lacomponella.com\\\/WordPress3\\\/wp-content\\\/uploads\\\/2025\\\/12\\\/IMG_0073.jpg\",\"datePublished\":\"2025-12-21T17:34:00+00:00\",\"dateModified\":\"2025-12-21T17:34:01+00:00\",\"breadcrumb\":{\"@id\":\"https:\\\/\\\/lacomponella.com\\\/WordPress3\\\/?page_id=12961#breadcrumb\"},\"inLanguage\":\"pl-PL\",\"potentialAction\":[{\"@type\":\"ReadAction\",\"target\":[\"https:\\\/\\\/lacomponella.com\\\/WordPress3\\\/?page_id=12961\"]}]},{\"@type\":\"ImageObject\",\"inLanguage\":\"pl-PL\",\"@id\":\"https:\\\/\\\/lacomponella.com\\\/WordPress3\\\/?page_id=12961#primaryimage\",\"url\":\"https:\\\/\\\/lacomponella.com\\\/WordPress3\\\/wp-content\\\/uploads\\\/2025\\\/12\\\/IMG_0073.jpg\",\"contentUrl\":\"https:\\\/\\\/lacomponella.com\\\/WordPress3\\\/wp-content\\\/uploads\\\/2025\\\/12\\\/IMG_0073.jpg\",\"width\":1713,\"height\":1375},{\"@type\":\"BreadcrumbList\",\"@id\":\"https:\\\/\\\/lacomponella.com\\\/WordPress3\\\/?page_id=12961#breadcrumb\",\"itemListElement\":[{\"@type\":\"ListItem\",\"position\":1,\"name\":\"Strona g\u0142\u00f3wna\",\"item\":\"https:\\\/\\\/lacomponella.com\\\/WordPress3\\\/?page_id=4991\"},{\"@type\":\"ListItem\",\"position\":2,\"name\":\"IN MY DREAM La Componella\"}]},{\"@type\":\"WebSite\",\"@id\":\"https:\\\/\\\/lacomponella.com\\\/WordPress3\\\/#website\",\"url\":\"https:\\\/\\\/lacomponella.com\\\/WordPress3\\\/\",\"name\":\"La Componella FCI\",\"description\":\"Hodowla Dog Niemiecki, Xolo i Owczarek Belgijski\",\"potentialAction\":[{\"@type\":\"SearchAction\",\"target\":{\"@type\":\"EntryPoint\",\"urlTemplate\":\"https:\\\/\\\/lacomponella.com\\\/WordPress3\\\/?s={search_term_string}\"},\"query-input\":{\"@type\":\"PropertyValueSpecification\",\"valueRequired\":true,\"valueName\":\"search_term_string\"}}],\"inLanguage\":\"pl-PL\"}]}<\/script>\n<!-- \/ Yoast SEO plugin. -->","yoast_head_json":{"title":"IN MY DREAM La Componella - La Componella FCI","robots":{"index":"index","follow":"follow","max-snippet":"max-snippet:-1","max-image-preview":"max-image-preview:large","max-video-preview":"max-video-preview:-1"},"canonical":"https:\/\/lacomponella.com\/WordPress3\/?page_id=12961","og_locale":"pl_PL","og_type":"article","og_title":"IN MY DREAM La Componella - La Componella FCI","og_description":"Suczka z krycia w Belgii:) Jej ojciec to legendarny Eternity&#8217;s KWANDO. Na samym dole strony prezentujemy jego zdj\u0119cia. Eternity&#8217;s KWANDO A tutaj mo\u017cna zobaczy\u0107 oboje rodzic\u00f3w IN MY DREAM La Componella FCI","og_url":"https:\/\/lacomponella.com\/WordPress3\/?page_id=12961","og_site_name":"La Componella FCI","article_modified_time":"2025-12-21T17:34:01+00:00","og_image":[{"width":1713,"height":1375,"url":"https:\/\/lacomponella.com\/WordPress3\/wp-content\/uploads\/2025\/12\/IMG_0073.jpg","type":"image\/jpeg"}],"twitter_card":"summary_large_image","twitter_misc":{"Szacowany czas czytania":"4 minuty"},"schema":{"@context":"https:\/\/schema.org","@graph":[{"@type":"WebPage","@id":"https:\/\/lacomponella.com\/WordPress3\/?page_id=12961","url":"https:\/\/lacomponella.com\/WordPress3\/?page_id=12961","name":"IN MY DREAM La Componella - La Componella FCI","isPartOf":{"@id":"https:\/\/lacomponella.com\/WordPress3\/#website"},"primaryImageOfPage":{"@id":"https:\/\/lacomponella.com\/WordPress3\/?page_id=12961#primaryimage"},"image":{"@id":"https:\/\/lacomponella.com\/WordPress3\/?page_id=12961#primaryimage"},"thumbnailUrl":"https:\/\/lacomponella.com\/WordPress3\/wp-content\/uploads\/2025\/12\/IMG_0073.jpg","datePublished":"2025-12-21T17:34:00+00:00","dateModified":"2025-12-21T17:34:01+00:00","breadcrumb":{"@id":"https:\/\/lacomponella.com\/WordPress3\/?page_id=12961#breadcrumb"},"inLanguage":"pl-PL","potentialAction":[{"@type":"ReadAction","target":["https:\/\/lacomponella.com\/WordPress3\/?page_id=12961"]}]},{"@type":"ImageObject","inLanguage":"pl-PL","@id":"https:\/\/lacomponella.com\/WordPress3\/?page_id=12961#primaryimage","url":"https:\/\/lacomponella.com\/WordPress3\/wp-content\/uploads\/2025\/12\/IMG_0073.jpg","contentUrl":"https:\/\/lacomponella.com\/WordPress3\/wp-content\/uploads\/2025\/12\/IMG_0073.jpg","width":1713,"height":1375},{"@type":"BreadcrumbList","@id":"https:\/\/lacomponella.com\/WordPress3\/?page_id=12961#breadcrumb","itemListElement":[{"@type":"ListItem","position":1,"name":"Strona g\u0142\u00f3wna","item":"https:\/\/lacomponella.com\/WordPress3\/?page_id=4991"},{"@type":"ListItem","position":2,"name":"IN MY DREAM La Componella"}]},{"@type":"WebSite","@id":"https:\/\/lacomponella.com\/WordPress3\/#website","url":"https:\/\/lacomponella.com\/WordPress3\/","name":"La Componella FCI","description":"Hodowla Dog Niemiecki, Xolo i Owczarek Belgijski","potentialAction":[{"@type":"SearchAction","target":{"@type":"EntryPoint","urlTemplate":"https:\/\/lacomponella.com\/WordPress3\/?s={search_term_string}"},"query-input":{"@type":"PropertyValueSpecification","valueRequired":true,"valueName":"search_term_string"}}],"inLanguage":"pl-PL"}]}},"_links":{"self":[{"href":"https:\/\/lacomponella.com\/WordPress3\/index.php?rest_route=\/wp\/v2\/pages\/12961","targetHints":{"allow":["GET"]}}],"collection":[{"href":"https:\/\/lacomponella.com\/WordPress3\/index.php?rest_route=\/wp\/v2\/pages"}],"about":[{"href":"https:\/\/lacomponella.com\/WordPress3\/index.php?rest_route=\/wp\/v2\/types\/page"}],"author":[{"embeddable":true,"href":"https:\/\/lacomponella.com\/WordPress3\/index.php?rest_route=\/wp\/v2\/users\/1"}],"replies":[{"embeddable":true,"href":"https:\/\/lacomponella.com\/WordPress3\/index.php?rest_route=%2Fwp%2Fv2%2Fcomments&post=12961"}],"version-history":[{"count":1,"href":"https:\/\/lacomponella.com\/WordPress3\/index.php?rest_route=\/wp\/v2\/pages\/12961\/revisions"}],"predecessor-version":[{"id":12979,"href":"https:\/\/lacomponella.com\/WordPress3\/index.php?rest_route=\/wp\/v2\/pages\/12961\/revisions\/12979"}],"wp:attachment":[{"href":"https:\/\/lacomponella.com\/WordPress3\/index.php?rest_route=%2Fwp%2Fv2%2Fmedia&parent=12961"}],"curies":[{"name":"wp","href":"https:\/\/api.w.org\/{rel}","templated":true}]}}