{"id":1671,"date":"2015-11-17T14:55:54","date_gmt":"2015-11-17T14:55:54","guid":{"rendered":"http:\/\/lacomponella.com\/WordPress3\/?page_id=1671"},"modified":"2022-05-12T09:25:36","modified_gmt":"2022-05-12T09:25:36","slug":"little-miss-daydream-stary-machnac","status":"publish","type":"page","link":"https:\/\/lacomponella.com\/WordPress3\/?page_id=1671","title":{"rendered":"LITTLE MISS DAYDREAM Stary Machnac"},"content":{"rendered":"<h3 style=\"text-align: center;\"><span style=\"color: #000080;\">Import ze S\u0142owacji<br \/>\nNajlepsza Suka Hodowlana 2020<\/span><\/h3>\n<p style=\"text-align: center;\"><strong>Wystawy:<\/strong><br \/>\n<strong>Champion Bu\u0142garii<\/strong><br \/>\n<strong>3 x r.CACIB<\/strong><br \/>\n<strong>3x CAC<\/strong><\/p>\n<p style=\"text-align: left;\"><strong>Zdrowie:<\/strong><br \/>\n<strong>Serce (doppler) \u2013 serce zdrowe, brak cech kardiomiopatii rozstrzeniowej\u00a0(DCM), kwalifikacja do rozrodu<strong><br \/>\nHD A\/A (brak dysplazji biodrowej)<br \/>\nED 0\/0 (brak dysplazji \u0142okciowej)<br \/>\nzgryz prawid\u0142owy, uz\u0119bienie pe\u0142ne<br \/>\n<\/strong><\/strong><br \/>\n<strong>Testy psychiczne zdane<\/strong><br \/>\n<strong>BH\u00a0<\/strong><\/p>\n<p><span style=\"color: #800000;\"><strong>ojciec &#8211; T.s. L&#8217;EVANGELIST de la Terre Sauvage, HD A, ED 0\/0, HWT x JCh. + Ch. + KlCh.<\/strong><\/span><br \/>\n<span style=\"color: #800000;\"><strong> matka &#8211; HAYD\u00c9E HOPE Star\u00fd Machn\u00e1\u010d, HD A, ED 0\/0<\/strong><\/span><\/p>\n<p><a href=\"http:\/\/lacomponella.com\/WordPress3\/wp-content\/uploads\/2015\/11\/IMG_3574.jpg\"><img fetchpriority=\"high\" decoding=\"async\" class=\"alignright size-large wp-image-1809\" src=\"http:\/\/lacomponella.com\/WordPress3\/wp-content\/uploads\/2015\/11\/IMG_3574-1024x683.jpg\" alt=\"IMG_3574\" width=\"604\" height=\"403\" srcset=\"https:\/\/lacomponella.com\/WordPress3\/wp-content\/uploads\/2015\/11\/IMG_3574-1024x683.jpg 1024w, https:\/\/lacomponella.com\/WordPress3\/wp-content\/uploads\/2015\/11\/IMG_3574-300x200.jpg 300w\" sizes=\"(max-width: 604px) 100vw, 604px\" \/><\/a><\/p>\n","protected":false},"excerpt":{"rendered":"<p>Import ze S\u0142owacji Najlepsza Suka Hodowlana 2020 Wystawy: Champion Bu\u0142garii 3 x r.CACIB 3x CAC Zdrowie: Serce (doppler) \u2013 serce zdrowe, brak cech kardiomiopatii rozstrzeniowej\u00a0(DCM), kwalifikacja do rozrodu HD A\/A (brak dysplazji biodrowej) ED 0\/0 (brak dysplazji \u0142okciowej) zgryz prawid\u0142owy, uz\u0119bienie pe\u0142ne Testy psychiczne zdane BH\u00a0 ojciec &#8211; T.s. L&#8217;EVANGELIST de la Terre Sauvage, HD [&hellip;]<\/p>\n","protected":false},"author":1,"featured_media":0,"parent":0,"menu_order":0,"comment_status":"closed","ping_status":"closed","template":"","meta":{"footnotes":""},"class_list":["post-1671","page","type-page","status-publish","hentry"],"yoast_head":"<!-- This site is optimized with the Yoast SEO plugin v27.4 - https:\/\/yoast.com\/product\/yoast-seo-wordpress\/ -->\n<title>LITTLE MISS DAYDREAM Stary Machnac - La Componella FCI<\/title>\n<meta name=\"robots\" content=\"index, follow, max-snippet:-1, max-image-preview:large, max-video-preview:-1\" \/>\n<link rel=\"canonical\" href=\"https:\/\/lacomponella.com\/WordPress3\/?page_id=1671\" \/>\n<meta property=\"og:locale\" content=\"pl_PL\" \/>\n<meta property=\"og:type\" content=\"article\" \/>\n<meta property=\"og:title\" content=\"LITTLE MISS DAYDREAM Stary Machnac - La Componella FCI\" \/>\n<meta property=\"og:description\" content=\"Import ze S\u0142owacji Najlepsza Suka Hodowlana 2020 Wystawy: Champion Bu\u0142garii 3 x r.CACIB 3x CAC Zdrowie: Serce (doppler) \u2013 serce zdrowe, brak cech kardiomiopatii rozstrzeniowej\u00a0(DCM), kwalifikacja do rozrodu HD A\/A (brak dysplazji biodrowej) ED 0\/0 (brak dysplazji \u0142okciowej) zgryz prawid\u0142owy, uz\u0119bienie pe\u0142ne Testy psychiczne zdane BH\u00a0 ojciec &#8211; T.s. L&#8217;EVANGELIST de la Terre Sauvage, HD [&hellip;]\" \/>\n<meta property=\"og:url\" content=\"https:\/\/lacomponella.com\/WordPress3\/?page_id=1671\" \/>\n<meta property=\"og:site_name\" content=\"La Componella FCI\" \/>\n<meta property=\"article:modified_time\" content=\"2022-05-12T09:25:36+00:00\" \/>\n<meta property=\"og:image\" content=\"https:\/\/lacomponella.com\/WordPress3\/wp-content\/uploads\/2015\/11\/IMG_3574.jpg\" \/>\n\t<meta property=\"og:image:width\" content=\"2592\" \/>\n\t<meta property=\"og:image:height\" content=\"1728\" \/>\n\t<meta property=\"og:image:type\" content=\"image\/jpeg\" \/>\n<meta name=\"twitter:card\" content=\"summary_large_image\" \/>\n<script type=\"application\/ld+json\" class=\"yoast-schema-graph\">{\"@context\":\"https:\\\/\\\/schema.org\",\"@graph\":[{\"@type\":\"WebPage\",\"@id\":\"https:\\\/\\\/lacomponella.com\\\/WordPress3\\\/?page_id=1671\",\"url\":\"https:\\\/\\\/lacomponella.com\\\/WordPress3\\\/?page_id=1671\",\"name\":\"LITTLE MISS DAYDREAM Stary Machnac - La Componella FCI\",\"isPartOf\":{\"@id\":\"https:\\\/\\\/lacomponella.com\\\/WordPress3\\\/#website\"},\"primaryImageOfPage\":{\"@id\":\"https:\\\/\\\/lacomponella.com\\\/WordPress3\\\/?page_id=1671#primaryimage\"},\"image\":{\"@id\":\"https:\\\/\\\/lacomponella.com\\\/WordPress3\\\/?page_id=1671#primaryimage\"},\"thumbnailUrl\":\"http:\\\/\\\/lacomponella.com\\\/WordPress3\\\/wp-content\\\/uploads\\\/2015\\\/11\\\/IMG_3574-1024x683.jpg\",\"datePublished\":\"2015-11-17T14:55:54+00:00\",\"dateModified\":\"2022-05-12T09:25:36+00:00\",\"breadcrumb\":{\"@id\":\"https:\\\/\\\/lacomponella.com\\\/WordPress3\\\/?page_id=1671#breadcrumb\"},\"inLanguage\":\"pl-PL\",\"potentialAction\":[{\"@type\":\"ReadAction\",\"target\":[\"https:\\\/\\\/lacomponella.com\\\/WordPress3\\\/?page_id=1671\"]}]},{\"@type\":\"ImageObject\",\"inLanguage\":\"pl-PL\",\"@id\":\"https:\\\/\\\/lacomponella.com\\\/WordPress3\\\/?page_id=1671#primaryimage\",\"url\":\"https:\\\/\\\/lacomponella.com\\\/WordPress3\\\/wp-content\\\/uploads\\\/2015\\\/11\\\/IMG_3574.jpg\",\"contentUrl\":\"https:\\\/\\\/lacomponella.com\\\/WordPress3\\\/wp-content\\\/uploads\\\/2015\\\/11\\\/IMG_3574.jpg\",\"width\":2592,\"height\":1728},{\"@type\":\"BreadcrumbList\",\"@id\":\"https:\\\/\\\/lacomponella.com\\\/WordPress3\\\/?page_id=1671#breadcrumb\",\"itemListElement\":[{\"@type\":\"ListItem\",\"position\":1,\"name\":\"Strona g\u0142\u00f3wna\",\"item\":\"https:\\\/\\\/lacomponella.com\\\/WordPress3\\\/?page_id=4991\"},{\"@type\":\"ListItem\",\"position\":2,\"name\":\"LITTLE MISS DAYDREAM Stary Machnac\"}]},{\"@type\":\"WebSite\",\"@id\":\"https:\\\/\\\/lacomponella.com\\\/WordPress3\\\/#website\",\"url\":\"https:\\\/\\\/lacomponella.com\\\/WordPress3\\\/\",\"name\":\"La Componella FCI\",\"description\":\"Hodowla Dog Niemiecki, Xolo i Owczarek Belgijski\",\"potentialAction\":[{\"@type\":\"SearchAction\",\"target\":{\"@type\":\"EntryPoint\",\"urlTemplate\":\"https:\\\/\\\/lacomponella.com\\\/WordPress3\\\/?s={search_term_string}\"},\"query-input\":{\"@type\":\"PropertyValueSpecification\",\"valueRequired\":true,\"valueName\":\"search_term_string\"}}],\"inLanguage\":\"pl-PL\"}]}<\/script>\n<!-- \/ Yoast SEO plugin. -->","yoast_head_json":{"title":"LITTLE MISS DAYDREAM Stary Machnac - La Componella FCI","robots":{"index":"index","follow":"follow","max-snippet":"max-snippet:-1","max-image-preview":"max-image-preview:large","max-video-preview":"max-video-preview:-1"},"canonical":"https:\/\/lacomponella.com\/WordPress3\/?page_id=1671","og_locale":"pl_PL","og_type":"article","og_title":"LITTLE MISS DAYDREAM Stary Machnac - La Componella FCI","og_description":"Import ze S\u0142owacji Najlepsza Suka Hodowlana 2020 Wystawy: Champion Bu\u0142garii 3 x r.CACIB 3x CAC Zdrowie: Serce (doppler) \u2013 serce zdrowe, brak cech kardiomiopatii rozstrzeniowej\u00a0(DCM), kwalifikacja do rozrodu HD A\/A (brak dysplazji biodrowej) ED 0\/0 (brak dysplazji \u0142okciowej) zgryz prawid\u0142owy, uz\u0119bienie pe\u0142ne Testy psychiczne zdane BH\u00a0 ojciec &#8211; T.s. L&#8217;EVANGELIST de la Terre Sauvage, HD [&hellip;]","og_url":"https:\/\/lacomponella.com\/WordPress3\/?page_id=1671","og_site_name":"La Componella FCI","article_modified_time":"2022-05-12T09:25:36+00:00","og_image":[{"width":2592,"height":1728,"url":"https:\/\/lacomponella.com\/WordPress3\/wp-content\/uploads\/2015\/11\/IMG_3574.jpg","type":"image\/jpeg"}],"twitter_card":"summary_large_image","schema":{"@context":"https:\/\/schema.org","@graph":[{"@type":"WebPage","@id":"https:\/\/lacomponella.com\/WordPress3\/?page_id=1671","url":"https:\/\/lacomponella.com\/WordPress3\/?page_id=1671","name":"LITTLE MISS DAYDREAM Stary Machnac - La Componella FCI","isPartOf":{"@id":"https:\/\/lacomponella.com\/WordPress3\/#website"},"primaryImageOfPage":{"@id":"https:\/\/lacomponella.com\/WordPress3\/?page_id=1671#primaryimage"},"image":{"@id":"https:\/\/lacomponella.com\/WordPress3\/?page_id=1671#primaryimage"},"thumbnailUrl":"http:\/\/lacomponella.com\/WordPress3\/wp-content\/uploads\/2015\/11\/IMG_3574-1024x683.jpg","datePublished":"2015-11-17T14:55:54+00:00","dateModified":"2022-05-12T09:25:36+00:00","breadcrumb":{"@id":"https:\/\/lacomponella.com\/WordPress3\/?page_id=1671#breadcrumb"},"inLanguage":"pl-PL","potentialAction":[{"@type":"ReadAction","target":["https:\/\/lacomponella.com\/WordPress3\/?page_id=1671"]}]},{"@type":"ImageObject","inLanguage":"pl-PL","@id":"https:\/\/lacomponella.com\/WordPress3\/?page_id=1671#primaryimage","url":"https:\/\/lacomponella.com\/WordPress3\/wp-content\/uploads\/2015\/11\/IMG_3574.jpg","contentUrl":"https:\/\/lacomponella.com\/WordPress3\/wp-content\/uploads\/2015\/11\/IMG_3574.jpg","width":2592,"height":1728},{"@type":"BreadcrumbList","@id":"https:\/\/lacomponella.com\/WordPress3\/?page_id=1671#breadcrumb","itemListElement":[{"@type":"ListItem","position":1,"name":"Strona g\u0142\u00f3wna","item":"https:\/\/lacomponella.com\/WordPress3\/?page_id=4991"},{"@type":"ListItem","position":2,"name":"LITTLE MISS DAYDREAM Stary Machnac"}]},{"@type":"WebSite","@id":"https:\/\/lacomponella.com\/WordPress3\/#website","url":"https:\/\/lacomponella.com\/WordPress3\/","name":"La Componella FCI","description":"Hodowla Dog Niemiecki, Xolo i Owczarek Belgijski","potentialAction":[{"@type":"SearchAction","target":{"@type":"EntryPoint","urlTemplate":"https:\/\/lacomponella.com\/WordPress3\/?s={search_term_string}"},"query-input":{"@type":"PropertyValueSpecification","valueRequired":true,"valueName":"search_term_string"}}],"inLanguage":"pl-PL"}]}},"_links":{"self":[{"href":"https:\/\/lacomponella.com\/WordPress3\/index.php?rest_route=\/wp\/v2\/pages\/1671","targetHints":{"allow":["GET"]}}],"collection":[{"href":"https:\/\/lacomponella.com\/WordPress3\/index.php?rest_route=\/wp\/v2\/pages"}],"about":[{"href":"https:\/\/lacomponella.com\/WordPress3\/index.php?rest_route=\/wp\/v2\/types\/page"}],"author":[{"embeddable":true,"href":"https:\/\/lacomponella.com\/WordPress3\/index.php?rest_route=\/wp\/v2\/users\/1"}],"replies":[{"embeddable":true,"href":"https:\/\/lacomponella.com\/WordPress3\/index.php?rest_route=%2Fwp%2Fv2%2Fcomments&post=1671"}],"version-history":[{"count":12,"href":"https:\/\/lacomponella.com\/WordPress3\/index.php?rest_route=\/wp\/v2\/pages\/1671\/revisions"}],"predecessor-version":[{"id":9825,"href":"https:\/\/lacomponella.com\/WordPress3\/index.php?rest_route=\/wp\/v2\/pages\/1671\/revisions\/9825"}],"wp:attachment":[{"href":"https:\/\/lacomponella.com\/WordPress3\/index.php?rest_route=%2Fwp%2Fv2%2Fmedia&parent=1671"}],"curies":[{"name":"wp","href":"https:\/\/api.w.org\/{rel}","templated":true}]}}