{"id":2246,"date":"2016-01-30T20:09:04","date_gmt":"2016-01-30T20:09:04","guid":{"rendered":"http:\/\/lacomponella.com\/WordPress3\/?page_id=2246"},"modified":"2018-04-09T11:33:35","modified_gmt":"2018-04-09T11:33:35","slug":"miot-b","status":"publish","type":"page","link":"https:\/\/lacomponella.com\/WordPress3\/?page_id=2246","title":{"rendered":""},"content":{"rendered":"<div class=\"entry-content\">\n<h6>Miot B &#8211; 2015<\/h6>\n<h6>-ojciec to nasz Zwyci\u0119zca \u015awiata JACOH de Korrantoh<br \/>\n-matka to Champion Francji i Bu\u0142garii EUREKA de Korrantoh<\/h6>\n<h6><span style=\"color: #800000;\"><strong>Miot to tylko 1 szczeni\u0119 \u2013 piesek ow\u0142osiony o imieniu\u00a0BERLUSCONI La Componella<\/strong><\/span><\/h6>\n<p>&nbsp;<\/p>\n<p><a href=\"http:\/\/lacomponella.com\/WordPress3\/wp-content\/uploads\/2016\/01\/12421790_1136599563019325_390829723_n.jpg\"><img fetchpriority=\"high\" decoding=\"async\" class=\"alignright size-large wp-image-2443\" src=\"http:\/\/lacomponella.com\/WordPress3\/wp-content\/uploads\/2016\/01\/12421790_1136599563019325_390829723_n.jpg\" alt=\"12421790_1136599563019325_390829723_n\" width=\"604\" height=\"604\" srcset=\"https:\/\/lacomponella.com\/WordPress3\/wp-content\/uploads\/2016\/01\/12421790_1136599563019325_390829723_n.jpg 782w, https:\/\/lacomponella.com\/WordPress3\/wp-content\/uploads\/2016\/01\/12421790_1136599563019325_390829723_n-150x150.jpg 150w, https:\/\/lacomponella.com\/WordPress3\/wp-content\/uploads\/2016\/01\/12421790_1136599563019325_390829723_n-300x300.jpg 300w\" sizes=\"(max-width: 604px) 100vw, 604px\" \/><\/a> <a href=\"http:\/\/lacomponella.com\/WordPress3\/wp-content\/uploads\/2016\/01\/12442704_1136599586352656_308956199_n.jpg\"><img decoding=\"async\" class=\"alignright size-large wp-image-2444\" src=\"http:\/\/lacomponella.com\/WordPress3\/wp-content\/uploads\/2016\/01\/12442704_1136599586352656_308956199_n.jpg\" alt=\"12442704_1136599586352656_308956199_n\" width=\"604\" height=\"604\" srcset=\"https:\/\/lacomponella.com\/WordPress3\/wp-content\/uploads\/2016\/01\/12442704_1136599586352656_308956199_n.jpg 782w, https:\/\/lacomponella.com\/WordPress3\/wp-content\/uploads\/2016\/01\/12442704_1136599586352656_308956199_n-150x150.jpg 150w, https:\/\/lacomponella.com\/WordPress3\/wp-content\/uploads\/2016\/01\/12442704_1136599586352656_308956199_n-300x300.jpg 300w\" sizes=\"(max-width: 604px) 100vw, 604px\" \/><\/a> <a href=\"http:\/\/lacomponella.com\/WordPress3\/wp-content\/uploads\/2016\/01\/12476382_1136600246352590_1627115013_n.jpg\"><img decoding=\"async\" class=\"alignright size-large wp-image-2445\" src=\"http:\/\/lacomponella.com\/WordPress3\/wp-content\/uploads\/2016\/01\/12476382_1136600246352590_1627115013_n.jpg\" alt=\"12476382_1136600246352590_1627115013_n\" width=\"604\" height=\"604\" srcset=\"https:\/\/lacomponella.com\/WordPress3\/wp-content\/uploads\/2016\/01\/12476382_1136600246352590_1627115013_n.jpg 782w, https:\/\/lacomponella.com\/WordPress3\/wp-content\/uploads\/2016\/01\/12476382_1136600246352590_1627115013_n-150x150.jpg 150w, https:\/\/lacomponella.com\/WordPress3\/wp-content\/uploads\/2016\/01\/12476382_1136600246352590_1627115013_n-300x300.jpg 300w\" sizes=\"(max-width: 604px) 100vw, 604px\" \/><\/a> <a href=\"http:\/\/lacomponella.com\/WordPress3\/wp-content\/uploads\/2016\/01\/12515998_1136599723019309_246613831_n.jpg\"><img loading=\"lazy\" decoding=\"async\" class=\"alignright size-large wp-image-2446\" src=\"http:\/\/lacomponella.com\/WordPress3\/wp-content\/uploads\/2016\/01\/12515998_1136599723019309_246613831_n.jpg\" alt=\"12515998_1136599723019309_246613831_n\" width=\"604\" height=\"604\" srcset=\"https:\/\/lacomponella.com\/WordPress3\/wp-content\/uploads\/2016\/01\/12515998_1136599723019309_246613831_n.jpg 782w, https:\/\/lacomponella.com\/WordPress3\/wp-content\/uploads\/2016\/01\/12515998_1136599723019309_246613831_n-150x150.jpg 150w, https:\/\/lacomponella.com\/WordPress3\/wp-content\/uploads\/2016\/01\/12515998_1136599723019309_246613831_n-300x300.jpg 300w\" sizes=\"(max-width: 604px) 100vw, 604px\" \/><\/a> <a href=\"http:\/\/lacomponella.com\/WordPress3\/wp-content\/uploads\/2016\/01\/12595985_1136599579685990_828152971_n.jpg\"><img loading=\"lazy\" decoding=\"async\" class=\"alignright size-large wp-image-2447\" src=\"http:\/\/lacomponella.com\/WordPress3\/wp-content\/uploads\/2016\/01\/12595985_1136599579685990_828152971_n.jpg\" alt=\"12595985_1136599579685990_828152971_n\" width=\"604\" height=\"604\" srcset=\"https:\/\/lacomponella.com\/WordPress3\/wp-content\/uploads\/2016\/01\/12595985_1136599579685990_828152971_n.jpg 782w, https:\/\/lacomponella.com\/WordPress3\/wp-content\/uploads\/2016\/01\/12595985_1136599579685990_828152971_n-150x150.jpg 150w, https:\/\/lacomponella.com\/WordPress3\/wp-content\/uploads\/2016\/01\/12595985_1136599579685990_828152971_n-300x300.jpg 300w\" sizes=\"(max-width: 604px) 100vw, 604px\" \/><\/a> <a href=\"http:\/\/lacomponella.com\/WordPress3\/wp-content\/uploads\/2016\/01\/12884549_1136599719685976_1263944190_n.jpg\"><img loading=\"lazy\" decoding=\"async\" class=\"alignright size-large wp-image-2448\" src=\"http:\/\/lacomponella.com\/WordPress3\/wp-content\/uploads\/2016\/01\/12884549_1136599719685976_1263944190_n.jpg\" alt=\"12884549_1136599719685976_1263944190_n\" width=\"604\" height=\"604\" srcset=\"https:\/\/lacomponella.com\/WordPress3\/wp-content\/uploads\/2016\/01\/12884549_1136599719685976_1263944190_n.jpg 782w, https:\/\/lacomponella.com\/WordPress3\/wp-content\/uploads\/2016\/01\/12884549_1136599719685976_1263944190_n-150x150.jpg 150w, https:\/\/lacomponella.com\/WordPress3\/wp-content\/uploads\/2016\/01\/12884549_1136599719685976_1263944190_n-300x300.jpg 300w\" sizes=\"(max-width: 604px) 100vw, 604px\" \/><\/a> <a href=\"http:\/\/lacomponella.com\/WordPress3\/wp-content\/uploads\/2016\/01\/12884570_1136599726352642_707926211_n.jpg\"><img loading=\"lazy\" decoding=\"async\" class=\"alignright size-large wp-image-2449\" src=\"http:\/\/lacomponella.com\/WordPress3\/wp-content\/uploads\/2016\/01\/12884570_1136599726352642_707926211_n.jpg\" alt=\"12884570_1136599726352642_707926211_n\" width=\"604\" height=\"604\" srcset=\"https:\/\/lacomponella.com\/WordPress3\/wp-content\/uploads\/2016\/01\/12884570_1136599726352642_707926211_n.jpg 640w, https:\/\/lacomponella.com\/WordPress3\/wp-content\/uploads\/2016\/01\/12884570_1136599726352642_707926211_n-150x150.jpg 150w, https:\/\/lacomponella.com\/WordPress3\/wp-content\/uploads\/2016\/01\/12884570_1136599726352642_707926211_n-300x300.jpg 300w\" sizes=\"(max-width: 604px) 100vw, 604px\" \/><\/a> <a href=\"http:\/\/lacomponella.com\/WordPress3\/wp-content\/uploads\/2016\/01\/12895351_1136599739685974_980110895_n.jpg\"><img loading=\"lazy\" decoding=\"async\" class=\"alignright size-large wp-image-2450\" src=\"http:\/\/lacomponella.com\/WordPress3\/wp-content\/uploads\/2016\/01\/12895351_1136599739685974_980110895_n.jpg\" alt=\"12895351_1136599739685974_980110895_n\" width=\"604\" height=\"604\" srcset=\"https:\/\/lacomponella.com\/WordPress3\/wp-content\/uploads\/2016\/01\/12895351_1136599739685974_980110895_n.jpg 782w, https:\/\/lacomponella.com\/WordPress3\/wp-content\/uploads\/2016\/01\/12895351_1136599739685974_980110895_n-150x150.jpg 150w, https:\/\/lacomponella.com\/WordPress3\/wp-content\/uploads\/2016\/01\/12895351_1136599739685974_980110895_n-300x300.jpg 300w\" sizes=\"(max-width: 604px) 100vw, 604px\" \/><\/a> <a href=\"http:\/\/lacomponella.com\/WordPress3\/wp-content\/uploads\/2016\/01\/12895387_1136599596352655_1874504731_n.jpg\"><img loading=\"lazy\" decoding=\"async\" class=\"alignright size-large wp-image-2451\" src=\"http:\/\/lacomponella.com\/WordPress3\/wp-content\/uploads\/2016\/01\/12895387_1136599596352655_1874504731_n.jpg\" alt=\"12895387_1136599596352655_1874504731_n\" width=\"604\" height=\"604\" srcset=\"https:\/\/lacomponella.com\/WordPress3\/wp-content\/uploads\/2016\/01\/12895387_1136599596352655_1874504731_n.jpg 782w, https:\/\/lacomponella.com\/WordPress3\/wp-content\/uploads\/2016\/01\/12895387_1136599596352655_1874504731_n-150x150.jpg 150w, https:\/\/lacomponella.com\/WordPress3\/wp-content\/uploads\/2016\/01\/12895387_1136599596352655_1874504731_n-300x300.jpg 300w\" sizes=\"(max-width: 604px) 100vw, 604px\" \/><\/a> <a href=\"http:\/\/lacomponella.com\/WordPress3\/wp-content\/uploads\/2016\/01\/12895515_1136599733019308_426616991_n.jpg\"><img loading=\"lazy\" decoding=\"async\" class=\"alignright size-large wp-image-2452\" src=\"http:\/\/lacomponella.com\/WordPress3\/wp-content\/uploads\/2016\/01\/12895515_1136599733019308_426616991_n.jpg\" alt=\"12895515_1136599733019308_426616991_n\" width=\"604\" height=\"604\" srcset=\"https:\/\/lacomponella.com\/WordPress3\/wp-content\/uploads\/2016\/01\/12895515_1136599733019308_426616991_n.jpg 782w, https:\/\/lacomponella.com\/WordPress3\/wp-content\/uploads\/2016\/01\/12895515_1136599733019308_426616991_n-150x150.jpg 150w, https:\/\/lacomponella.com\/WordPress3\/wp-content\/uploads\/2016\/01\/12895515_1136599733019308_426616991_n-300x300.jpg 300w\" sizes=\"(max-width: 604px) 100vw, 604px\" \/><\/a> <a href=\"http:\/\/lacomponella.com\/WordPress3\/wp-content\/uploads\/2016\/01\/12899782_1136599559685992_1538202785_n.jpg\"><img loading=\"lazy\" decoding=\"async\" class=\"alignright size-large wp-image-2453\" src=\"http:\/\/lacomponella.com\/WordPress3\/wp-content\/uploads\/2016\/01\/12899782_1136599559685992_1538202785_n.jpg\" alt=\"12899782_1136599559685992_1538202785_n\" width=\"604\" height=\"604\" srcset=\"https:\/\/lacomponella.com\/WordPress3\/wp-content\/uploads\/2016\/01\/12899782_1136599559685992_1538202785_n.jpg 782w, https:\/\/lacomponella.com\/WordPress3\/wp-content\/uploads\/2016\/01\/12899782_1136599559685992_1538202785_n-150x150.jpg 150w, https:\/\/lacomponella.com\/WordPress3\/wp-content\/uploads\/2016\/01\/12899782_1136599559685992_1538202785_n-300x300.jpg 300w\" sizes=\"(max-width: 604px) 100vw, 604px\" \/><\/a> <a href=\"http:\/\/lacomponella.com\/WordPress3\/wp-content\/uploads\/2016\/01\/12899889_1136599566352658_55280717_n.jpg\"><img loading=\"lazy\" decoding=\"async\" class=\"alignright size-large wp-image-2454\" src=\"http:\/\/lacomponella.com\/WordPress3\/wp-content\/uploads\/2016\/01\/12899889_1136599566352658_55280717_n.jpg\" alt=\"12899889_1136599566352658_55280717_n\" width=\"604\" height=\"604\" srcset=\"https:\/\/lacomponella.com\/WordPress3\/wp-content\/uploads\/2016\/01\/12899889_1136599566352658_55280717_n.jpg 782w, https:\/\/lacomponella.com\/WordPress3\/wp-content\/uploads\/2016\/01\/12899889_1136599566352658_55280717_n-150x150.jpg 150w, https:\/\/lacomponella.com\/WordPress3\/wp-content\/uploads\/2016\/01\/12899889_1136599566352658_55280717_n-300x300.jpg 300w\" sizes=\"(max-width: 604px) 100vw, 604px\" \/><\/a> <a href=\"http:\/\/lacomponella.com\/WordPress3\/wp-content\/uploads\/2016\/01\/12900145_1136599589685989_1735210880_n.jpg\"><img loading=\"lazy\" decoding=\"async\" class=\"alignright size-large wp-image-2455\" src=\"http:\/\/lacomponella.com\/WordPress3\/wp-content\/uploads\/2016\/01\/12900145_1136599589685989_1735210880_n.jpg\" alt=\"12900145_1136599589685989_1735210880_n\" width=\"604\" height=\"604\" srcset=\"https:\/\/lacomponella.com\/WordPress3\/wp-content\/uploads\/2016\/01\/12900145_1136599589685989_1735210880_n.jpg 782w, https:\/\/lacomponella.com\/WordPress3\/wp-content\/uploads\/2016\/01\/12900145_1136599589685989_1735210880_n-150x150.jpg 150w, https:\/\/lacomponella.com\/WordPress3\/wp-content\/uploads\/2016\/01\/12900145_1136599589685989_1735210880_n-300x300.jpg 300w\" sizes=\"(max-width: 604px) 100vw, 604px\" \/><\/a> <a href=\"http:\/\/lacomponella.com\/WordPress3\/wp-content\/uploads\/2016\/01\/12910373_1136599706352644_1351301572_n.jpg\"><img loading=\"lazy\" decoding=\"async\" class=\"alignright size-large wp-image-2456\" src=\"http:\/\/lacomponella.com\/WordPress3\/wp-content\/uploads\/2016\/01\/12910373_1136599706352644_1351301572_n.jpg\" alt=\"12910373_1136599706352644_1351301572_n\" width=\"604\" height=\"604\" srcset=\"https:\/\/lacomponella.com\/WordPress3\/wp-content\/uploads\/2016\/01\/12910373_1136599706352644_1351301572_n.jpg 782w, https:\/\/lacomponella.com\/WordPress3\/wp-content\/uploads\/2016\/01\/12910373_1136599706352644_1351301572_n-150x150.jpg 150w, https:\/\/lacomponella.com\/WordPress3\/wp-content\/uploads\/2016\/01\/12910373_1136599706352644_1351301572_n-300x300.jpg 300w\" sizes=\"(max-width: 604px) 100vw, 604px\" \/><\/a> <a href=\"http:\/\/lacomponella.com\/WordPress3\/wp-content\/uploads\/2016\/01\/12910614_1136599576352657_1494957992_n-1.jpg\"><img loading=\"lazy\" decoding=\"async\" class=\"alignright size-large wp-image-2457\" src=\"http:\/\/lacomponella.com\/WordPress3\/wp-content\/uploads\/2016\/01\/12910614_1136599576352657_1494957992_n-1.jpg\" alt=\"12910614_1136599576352657_1494957992_n (1)\" width=\"604\" height=\"604\" srcset=\"https:\/\/lacomponella.com\/WordPress3\/wp-content\/uploads\/2016\/01\/12910614_1136599576352657_1494957992_n-1.jpg 640w, https:\/\/lacomponella.com\/WordPress3\/wp-content\/uploads\/2016\/01\/12910614_1136599576352657_1494957992_n-1-150x150.jpg 150w, https:\/\/lacomponella.com\/WordPress3\/wp-content\/uploads\/2016\/01\/12910614_1136599576352657_1494957992_n-1-300x300.jpg 300w\" sizes=\"(max-width: 604px) 100vw, 604px\" \/><\/a><\/p>\n<p>&nbsp;<\/p>\n<p>&nbsp;<\/p>\n<p><a href=\"http:\/\/lacomponella.com\/WordPress3\/wp-content\/uploads\/2015\/05\/IMG_34231.jpg\"><img loading=\"lazy\" decoding=\"async\" class=\"alignright size-large wp-image-1538\" src=\"http:\/\/lacomponella.com\/WordPress3\/wp-content\/uploads\/2015\/05\/IMG_34231-1024x822.jpg\" alt=\"IMG_3423\" width=\"604\" height=\"485\" srcset=\"https:\/\/lacomponella.com\/WordPress3\/wp-content\/uploads\/2015\/05\/IMG_34231-1024x822.jpg 1024w, https:\/\/lacomponella.com\/WordPress3\/wp-content\/uploads\/2015\/05\/IMG_34231-300x241.jpg 300w, https:\/\/lacomponella.com\/WordPress3\/wp-content\/uploads\/2015\/05\/IMG_34231.jpg 1716w\" sizes=\"(max-width: 604px) 100vw, 604px\" \/><\/a><a href=\"http:\/\/lacomponella.com\/WordPress3\/wp-content\/uploads\/2015\/05\/IMG_34281.jpg\"><img loading=\"lazy\" decoding=\"async\" class=\"alignright size-large wp-image-1539\" src=\"http:\/\/lacomponella.com\/WordPress3\/wp-content\/uploads\/2015\/05\/IMG_34281-816x1024.jpg\" alt=\"IMG_3428\" width=\"604\" height=\"758\" srcset=\"https:\/\/lacomponella.com\/WordPress3\/wp-content\/uploads\/2015\/05\/IMG_34281-816x1024.jpg 816w, https:\/\/lacomponella.com\/WordPress3\/wp-content\/uploads\/2015\/05\/IMG_34281-239x300.jpg 239w, https:\/\/lacomponella.com\/WordPress3\/wp-content\/uploads\/2015\/05\/IMG_34281.jpg 1374w\" sizes=\"(max-width: 604px) 100vw, 604px\" \/><\/a><a href=\"http:\/\/lacomponella.com\/WordPress3\/wp-content\/uploads\/2015\/05\/IMG_34291.jpg\"><img loading=\"lazy\" decoding=\"async\" class=\"alignright size-large wp-image-1540\" src=\"http:\/\/lacomponella.com\/WordPress3\/wp-content\/uploads\/2015\/05\/IMG_34291-825x1024.jpg\" alt=\"IMG_3429\" width=\"604\" height=\"750\" srcset=\"https:\/\/lacomponella.com\/WordPress3\/wp-content\/uploads\/2015\/05\/IMG_34291-825x1024.jpg 825w, https:\/\/lacomponella.com\/WordPress3\/wp-content\/uploads\/2015\/05\/IMG_34291-242x300.jpg 242w, https:\/\/lacomponella.com\/WordPress3\/wp-content\/uploads\/2015\/05\/IMG_34291.jpg 1388w\" sizes=\"(max-width: 604px) 100vw, 604px\" \/><\/a><a href=\"http:\/\/lacomponella.com\/WordPress3\/wp-content\/uploads\/2015\/05\/IMG_34311.jpg\"><img loading=\"lazy\" decoding=\"async\" class=\"alignright size-large wp-image-1541\" src=\"http:\/\/lacomponella.com\/WordPress3\/wp-content\/uploads\/2015\/05\/IMG_34311-933x1024.jpg\" alt=\"IMG_3431\" width=\"604\" height=\"663\" srcset=\"https:\/\/lacomponella.com\/WordPress3\/wp-content\/uploads\/2015\/05\/IMG_34311-933x1024.jpg 933w, https:\/\/lacomponella.com\/WordPress3\/wp-content\/uploads\/2015\/05\/IMG_34311-273x300.jpg 273w, https:\/\/lacomponella.com\/WordPress3\/wp-content\/uploads\/2015\/05\/IMG_34311.jpg 1572w\" sizes=\"(max-width: 604px) 100vw, 604px\" \/><\/a><a href=\"http:\/\/lacomponella.com\/WordPress3\/wp-content\/uploads\/2015\/05\/IMG_34351.jpg\"><img loading=\"lazy\" decoding=\"async\" class=\"alignright size-large wp-image-1542\" src=\"http:\/\/lacomponella.com\/WordPress3\/wp-content\/uploads\/2015\/05\/IMG_34351-1024x683.jpg\" alt=\"IMG_3435\" width=\"604\" height=\"403\" srcset=\"https:\/\/lacomponella.com\/WordPress3\/wp-content\/uploads\/2015\/05\/IMG_34351-1024x683.jpg 1024w, https:\/\/lacomponella.com\/WordPress3\/wp-content\/uploads\/2015\/05\/IMG_34351-300x200.jpg 300w\" sizes=\"(max-width: 604px) 100vw, 604px\" \/><\/a><a href=\"http:\/\/lacomponella.com\/WordPress3\/wp-content\/uploads\/2015\/05\/IMG_34371.jpg\"><img loading=\"lazy\" decoding=\"async\" class=\"alignright size-large wp-image-1543\" src=\"http:\/\/lacomponella.com\/WordPress3\/wp-content\/uploads\/2015\/05\/IMG_34371-1024x868.jpg\" alt=\"IMG_3437\" width=\"604\" height=\"512\" srcset=\"https:\/\/lacomponella.com\/WordPress3\/wp-content\/uploads\/2015\/05\/IMG_34371-1024x868.jpg 1024w, https:\/\/lacomponella.com\/WordPress3\/wp-content\/uploads\/2015\/05\/IMG_34371-300x254.jpg 300w, https:\/\/lacomponella.com\/WordPress3\/wp-content\/uploads\/2015\/05\/IMG_34371.jpg 1942w\" sizes=\"(max-width: 604px) 100vw, 604px\" \/><\/a><\/p>\n<p><a href=\"http:\/\/lacomponella.com\/WordPress3\/wp-content\/uploads\/2016\/01\/12421267_1136599729685975_2145747299_n.jpg\"><img loading=\"lazy\" decoding=\"async\" class=\"alignright size-medium wp-image-2442\" src=\"http:\/\/lacomponella.com\/WordPress3\/wp-content\/uploads\/2016\/01\/12421267_1136599729685975_2145747299_n-300x300.jpg\" alt=\"12421267_1136599729685975_2145747299_n\" width=\"300\" height=\"300\" srcset=\"https:\/\/lacomponella.com\/WordPress3\/wp-content\/uploads\/2016\/01\/12421267_1136599729685975_2145747299_n-300x300.jpg 300w, https:\/\/lacomponella.com\/WordPress3\/wp-content\/uploads\/2016\/01\/12421267_1136599729685975_2145747299_n-150x150.jpg 150w, https:\/\/lacomponella.com\/WordPress3\/wp-content\/uploads\/2016\/01\/12421267_1136599729685975_2145747299_n.jpg 782w\" sizes=\"(max-width: 300px) 100vw, 300px\" \/><\/a><\/p>\n<\/div>\n<footer class=\"entry-meta\"><\/footer>\n","protected":false},"excerpt":{"rendered":"<p>Miot B &#8211; 2015 -ojciec to nasz Zwyci\u0119zca \u015awiata JACOH de Korrantoh -matka to Champion Francji i Bu\u0142garii EUREKA de Korrantoh Miot to tylko 1 szczeni\u0119 \u2013 piesek ow\u0142osiony o imieniu\u00a0BERLUSCONI La Componella &nbsp; &nbsp; &nbsp;<\/p>\n","protected":false},"author":1,"featured_media":0,"parent":0,"menu_order":0,"comment_status":"closed","ping_status":"closed","template":"","meta":{"footnotes":""},"class_list":["post-2246","page","type-page","status-publish","hentry"],"yoast_head":"<!-- This site is optimized with the Yoast SEO plugin v27.4 - https:\/\/yoast.com\/product\/yoast-seo-wordpress\/ -->\n<title>- La Componella FCI<\/title>\n<meta name=\"robots\" content=\"index, follow, max-snippet:-1, max-image-preview:large, max-video-preview:-1\" \/>\n<link rel=\"canonical\" href=\"https:\/\/lacomponella.com\/WordPress3\/?page_id=2246\" \/>\n<meta property=\"og:locale\" content=\"pl_PL\" \/>\n<meta property=\"og:type\" content=\"article\" \/>\n<meta property=\"og:title\" content=\"- La Componella FCI\" \/>\n<meta property=\"og:description\" content=\"Miot B &#8211; 2015 -ojciec to nasz Zwyci\u0119zca \u015awiata JACOH de Korrantoh -matka to Champion Francji i Bu\u0142garii EUREKA de Korrantoh Miot to tylko 1 szczeni\u0119 \u2013 piesek ow\u0142osiony o imieniu\u00a0BERLUSCONI La Componella &nbsp; &nbsp; &nbsp;\" \/>\n<meta property=\"og:url\" content=\"https:\/\/lacomponella.com\/WordPress3\/?page_id=2246\" \/>\n<meta property=\"og:site_name\" content=\"La Componella FCI\" \/>\n<meta property=\"article:modified_time\" content=\"2018-04-09T11:33:35+00:00\" \/>\n<meta property=\"og:image\" content=\"https:\/\/lacomponella.com\/WordPress3\/wp-content\/uploads\/2016\/01\/12421790_1136599563019325_390829723_n.jpg\" \/>\n\t<meta property=\"og:image:width\" content=\"782\" \/>\n\t<meta property=\"og:image:height\" content=\"782\" \/>\n\t<meta property=\"og:image:type\" content=\"image\/jpeg\" \/>\n<meta name=\"twitter:card\" content=\"summary_large_image\" \/>\n<script type=\"application\/ld+json\" class=\"yoast-schema-graph\">{\"@context\":\"https:\\\/\\\/schema.org\",\"@graph\":[{\"@type\":\"WebPage\",\"@id\":\"https:\\\/\\\/lacomponella.com\\\/WordPress3\\\/?page_id=2246\",\"url\":\"https:\\\/\\\/lacomponella.com\\\/WordPress3\\\/?page_id=2246\",\"name\":\"- La Componella FCI\",\"isPartOf\":{\"@id\":\"https:\\\/\\\/lacomponella.com\\\/WordPress3\\\/#website\"},\"primaryImageOfPage\":{\"@id\":\"https:\\\/\\\/lacomponella.com\\\/WordPress3\\\/?page_id=2246#primaryimage\"},\"image\":{\"@id\":\"https:\\\/\\\/lacomponella.com\\\/WordPress3\\\/?page_id=2246#primaryimage\"},\"thumbnailUrl\":\"http:\\\/\\\/lacomponella.com\\\/WordPress3\\\/wp-content\\\/uploads\\\/2016\\\/01\\\/12421790_1136599563019325_390829723_n.jpg\",\"datePublished\":\"2016-01-30T20:09:04+00:00\",\"dateModified\":\"2018-04-09T11:33:35+00:00\",\"inLanguage\":\"pl-PL\",\"potentialAction\":[{\"@type\":\"ReadAction\",\"target\":[\"https:\\\/\\\/lacomponella.com\\\/WordPress3\\\/?page_id=2246\"]}]},{\"@type\":\"ImageObject\",\"inLanguage\":\"pl-PL\",\"@id\":\"https:\\\/\\\/lacomponella.com\\\/WordPress3\\\/?page_id=2246#primaryimage\",\"url\":\"http:\\\/\\\/lacomponella.com\\\/WordPress3\\\/wp-content\\\/uploads\\\/2016\\\/01\\\/12421790_1136599563019325_390829723_n.jpg\",\"contentUrl\":\"http:\\\/\\\/lacomponella.com\\\/WordPress3\\\/wp-content\\\/uploads\\\/2016\\\/01\\\/12421790_1136599563019325_390829723_n.jpg\"},{\"@type\":\"WebSite\",\"@id\":\"https:\\\/\\\/lacomponella.com\\\/WordPress3\\\/#website\",\"url\":\"https:\\\/\\\/lacomponella.com\\\/WordPress3\\\/\",\"name\":\"La Componella FCI\",\"description\":\"Hodowla Dog Niemiecki, Xolo i Owczarek Belgijski\",\"potentialAction\":[{\"@type\":\"SearchAction\",\"target\":{\"@type\":\"EntryPoint\",\"urlTemplate\":\"https:\\\/\\\/lacomponella.com\\\/WordPress3\\\/?s={search_term_string}\"},\"query-input\":{\"@type\":\"PropertyValueSpecification\",\"valueRequired\":true,\"valueName\":\"search_term_string\"}}],\"inLanguage\":\"pl-PL\"}]}<\/script>\n<!-- \/ Yoast SEO plugin. -->","yoast_head_json":{"title":"- La Componella FCI","robots":{"index":"index","follow":"follow","max-snippet":"max-snippet:-1","max-image-preview":"max-image-preview:large","max-video-preview":"max-video-preview:-1"},"canonical":"https:\/\/lacomponella.com\/WordPress3\/?page_id=2246","og_locale":"pl_PL","og_type":"article","og_title":"- La Componella FCI","og_description":"Miot B &#8211; 2015 -ojciec to nasz Zwyci\u0119zca \u015awiata JACOH de Korrantoh -matka to Champion Francji i Bu\u0142garii EUREKA de Korrantoh Miot to tylko 1 szczeni\u0119 \u2013 piesek ow\u0142osiony o imieniu\u00a0BERLUSCONI La Componella &nbsp; &nbsp; &nbsp;","og_url":"https:\/\/lacomponella.com\/WordPress3\/?page_id=2246","og_site_name":"La Componella FCI","article_modified_time":"2018-04-09T11:33:35+00:00","og_image":[{"width":782,"height":782,"url":"https:\/\/lacomponella.com\/WordPress3\/wp-content\/uploads\/2016\/01\/12421790_1136599563019325_390829723_n.jpg","type":"image\/jpeg"}],"twitter_card":"summary_large_image","schema":{"@context":"https:\/\/schema.org","@graph":[{"@type":"WebPage","@id":"https:\/\/lacomponella.com\/WordPress3\/?page_id=2246","url":"https:\/\/lacomponella.com\/WordPress3\/?page_id=2246","name":"- La Componella FCI","isPartOf":{"@id":"https:\/\/lacomponella.com\/WordPress3\/#website"},"primaryImageOfPage":{"@id":"https:\/\/lacomponella.com\/WordPress3\/?page_id=2246#primaryimage"},"image":{"@id":"https:\/\/lacomponella.com\/WordPress3\/?page_id=2246#primaryimage"},"thumbnailUrl":"http:\/\/lacomponella.com\/WordPress3\/wp-content\/uploads\/2016\/01\/12421790_1136599563019325_390829723_n.jpg","datePublished":"2016-01-30T20:09:04+00:00","dateModified":"2018-04-09T11:33:35+00:00","inLanguage":"pl-PL","potentialAction":[{"@type":"ReadAction","target":["https:\/\/lacomponella.com\/WordPress3\/?page_id=2246"]}]},{"@type":"ImageObject","inLanguage":"pl-PL","@id":"https:\/\/lacomponella.com\/WordPress3\/?page_id=2246#primaryimage","url":"http:\/\/lacomponella.com\/WordPress3\/wp-content\/uploads\/2016\/01\/12421790_1136599563019325_390829723_n.jpg","contentUrl":"http:\/\/lacomponella.com\/WordPress3\/wp-content\/uploads\/2016\/01\/12421790_1136599563019325_390829723_n.jpg"},{"@type":"WebSite","@id":"https:\/\/lacomponella.com\/WordPress3\/#website","url":"https:\/\/lacomponella.com\/WordPress3\/","name":"La Componella FCI","description":"Hodowla Dog Niemiecki, Xolo i Owczarek Belgijski","potentialAction":[{"@type":"SearchAction","target":{"@type":"EntryPoint","urlTemplate":"https:\/\/lacomponella.com\/WordPress3\/?s={search_term_string}"},"query-input":{"@type":"PropertyValueSpecification","valueRequired":true,"valueName":"search_term_string"}}],"inLanguage":"pl-PL"}]}},"_links":{"self":[{"href":"https:\/\/lacomponella.com\/WordPress3\/index.php?rest_route=\/wp\/v2\/pages\/2246","targetHints":{"allow":["GET"]}}],"collection":[{"href":"https:\/\/lacomponella.com\/WordPress3\/index.php?rest_route=\/wp\/v2\/pages"}],"about":[{"href":"https:\/\/lacomponella.com\/WordPress3\/index.php?rest_route=\/wp\/v2\/types\/page"}],"author":[{"embeddable":true,"href":"https:\/\/lacomponella.com\/WordPress3\/index.php?rest_route=\/wp\/v2\/users\/1"}],"replies":[{"embeddable":true,"href":"https:\/\/lacomponella.com\/WordPress3\/index.php?rest_route=%2Fwp%2Fv2%2Fcomments&post=2246"}],"version-history":[{"count":7,"href":"https:\/\/lacomponella.com\/WordPress3\/index.php?rest_route=\/wp\/v2\/pages\/2246\/revisions"}],"predecessor-version":[{"id":3491,"href":"https:\/\/lacomponella.com\/WordPress3\/index.php?rest_route=\/wp\/v2\/pages\/2246\/revisions\/3491"}],"wp:attachment":[{"href":"https:\/\/lacomponella.com\/WordPress3\/index.php?rest_route=%2Fwp%2Fv2%2Fmedia&parent=2246"}],"curies":[{"name":"wp","href":"https:\/\/api.w.org\/{rel}","templated":true}]}}