{"id":3178,"date":"2016-12-19T13:10:34","date_gmt":"2016-12-19T13:10:34","guid":{"rendered":"http:\/\/lacomponella.com\/WordPress3\/?page_id=3178"},"modified":"2020-06-30T21:57:14","modified_gmt":"2020-06-30T21:57:14","slug":"luorenza-de-loutsaina-fci","status":"publish","type":"page","link":"https:\/\/lacomponella.com\/WordPress3\/?page_id=3178","title":{"rendered":""},"content":{"rendered":"<h3 style=\"text-align: center;\">LAZULI from Demma Dog FCI<\/h3>\n<h6 style=\"text-align: center;\">Imported from Croatia<\/h6>\n<p>father- World Winner\u00a0&#8211;\u00a0NOE vom Herstallturm<br \/>\nmother- BEYONCE from Tamarin Blue (BRANDON von Gigantic Blau x BONNY BLUE Della Baia Azzura)<\/p>\n<p>she lives with co-owner Sylwia Bedli\u0144ska-G\u00f3ra and Andrzej G\u00f3ra<\/p>\n<p><img fetchpriority=\"high\" decoding=\"async\" class=\"aligncenter size-full wp-image-8005\" src=\"http:\/\/lacomponella.com\/WordPress3\/wp-content\/uploads\/2020\/06\/91177272_846265905873260_8453016635240873984_n-1.jpg\" alt=\"\" width=\"840\" height=\"1257\" srcset=\"https:\/\/lacomponella.com\/WordPress3\/wp-content\/uploads\/2020\/06\/91177272_846265905873260_8453016635240873984_n-1.jpg 840w, https:\/\/lacomponella.com\/WordPress3\/wp-content\/uploads\/2020\/06\/91177272_846265905873260_8453016635240873984_n-1-200x300.jpg 200w, https:\/\/lacomponella.com\/WordPress3\/wp-content\/uploads\/2020\/06\/91177272_846265905873260_8453016635240873984_n-1-768x1149.jpg 768w, https:\/\/lacomponella.com\/WordPress3\/wp-content\/uploads\/2020\/06\/91177272_846265905873260_8453016635240873984_n-1-684x1024.jpg 684w\" sizes=\"(max-width: 840px) 100vw, 840px\" \/><\/p>\n<p><img decoding=\"async\" class=\"aligncenter size-full wp-image-8007\" src=\"http:\/\/lacomponella.com\/WordPress3\/wp-content\/uploads\/2020\/06\/received_725439214934635.jpeg\" alt=\"\" width=\"2225\" height=\"2515\" srcset=\"https:\/\/lacomponella.com\/WordPress3\/wp-content\/uploads\/2020\/06\/received_725439214934635.jpeg 2225w, https:\/\/lacomponella.com\/WordPress3\/wp-content\/uploads\/2020\/06\/received_725439214934635-265x300.jpeg 265w, https:\/\/lacomponella.com\/WordPress3\/wp-content\/uploads\/2020\/06\/received_725439214934635-768x868.jpeg 768w, https:\/\/lacomponella.com\/WordPress3\/wp-content\/uploads\/2020\/06\/received_725439214934635-906x1024.jpeg 906w\" sizes=\"(max-width: 2225px) 100vw, 2225px\" \/><\/p>\n","protected":false},"excerpt":{"rendered":"<p>LAZULI from Demma Dog FCI Imported from Croatia father- World Winner\u00a0&#8211;\u00a0NOE vom Herstallturm mother- BEYONCE from Tamarin Blue (BRANDON von Gigantic Blau x BONNY BLUE Della Baia Azzura) she lives with co-owner Sylwia Bedli\u0144ska-G\u00f3ra and Andrzej G\u00f3ra<\/p>\n","protected":false},"author":1,"featured_media":0,"parent":0,"menu_order":0,"comment_status":"closed","ping_status":"closed","template":"","meta":{"footnotes":""},"class_list":["post-3178","page","type-page","status-publish","hentry"],"yoast_head":"<!-- This site is optimized with the Yoast SEO plugin v27.5 - https:\/\/yoast.com\/product\/yoast-seo-wordpress\/ -->\n<title>- La Componella FCI<\/title>\n<meta name=\"robots\" content=\"index, follow, max-snippet:-1, max-image-preview:large, max-video-preview:-1\" \/>\n<link rel=\"canonical\" href=\"https:\/\/lacomponella.com\/WordPress3\/?page_id=3178\" \/>\n<meta property=\"og:locale\" content=\"pl_PL\" \/>\n<meta property=\"og:type\" content=\"article\" \/>\n<meta property=\"og:title\" content=\"- La Componella FCI\" \/>\n<meta property=\"og:description\" content=\"LAZULI from Demma Dog FCI Imported from Croatia father- World Winner\u00a0&#8211;\u00a0NOE vom Herstallturm mother- BEYONCE from Tamarin Blue (BRANDON von Gigantic Blau x BONNY BLUE Della Baia Azzura) she lives with co-owner Sylwia Bedli\u0144ska-G\u00f3ra and Andrzej G\u00f3ra\" \/>\n<meta property=\"og:url\" content=\"https:\/\/lacomponella.com\/WordPress3\/?page_id=3178\" \/>\n<meta property=\"og:site_name\" content=\"La Componella FCI\" \/>\n<meta property=\"article:modified_time\" content=\"2020-06-30T21:57:14+00:00\" \/>\n<meta property=\"og:image\" content=\"https:\/\/lacomponella.com\/WordPress3\/wp-content\/uploads\/2020\/06\/91177272_846265905873260_8453016635240873984_n-1.jpg\" \/>\n\t<meta property=\"og:image:width\" content=\"840\" \/>\n\t<meta property=\"og:image:height\" content=\"1257\" \/>\n\t<meta property=\"og:image:type\" content=\"image\/jpeg\" \/>\n<meta name=\"twitter:card\" content=\"summary_large_image\" \/>\n<script type=\"application\/ld+json\" class=\"yoast-schema-graph\">{\"@context\":\"https:\\\/\\\/schema.org\",\"@graph\":[{\"@type\":\"WebPage\",\"@id\":\"https:\\\/\\\/lacomponella.com\\\/WordPress3\\\/?page_id=3178\",\"url\":\"https:\\\/\\\/lacomponella.com\\\/WordPress3\\\/?page_id=3178\",\"name\":\"- La Componella FCI\",\"isPartOf\":{\"@id\":\"https:\\\/\\\/lacomponella.com\\\/WordPress3\\\/#website\"},\"primaryImageOfPage\":{\"@id\":\"https:\\\/\\\/lacomponella.com\\\/WordPress3\\\/?page_id=3178#primaryimage\"},\"image\":{\"@id\":\"https:\\\/\\\/lacomponella.com\\\/WordPress3\\\/?page_id=3178#primaryimage\"},\"thumbnailUrl\":\"http:\\\/\\\/lacomponella.com\\\/WordPress3\\\/wp-content\\\/uploads\\\/2020\\\/06\\\/91177272_846265905873260_8453016635240873984_n-1.jpg\",\"datePublished\":\"2016-12-19T13:10:34+00:00\",\"dateModified\":\"2020-06-30T21:57:14+00:00\",\"inLanguage\":\"pl-PL\",\"potentialAction\":[{\"@type\":\"ReadAction\",\"target\":[\"https:\\\/\\\/lacomponella.com\\\/WordPress3\\\/?page_id=3178\"]}]},{\"@type\":\"ImageObject\",\"inLanguage\":\"pl-PL\",\"@id\":\"https:\\\/\\\/lacomponella.com\\\/WordPress3\\\/?page_id=3178#primaryimage\",\"url\":\"https:\\\/\\\/lacomponella.com\\\/WordPress3\\\/wp-content\\\/uploads\\\/2020\\\/06\\\/91177272_846265905873260_8453016635240873984_n-1.jpg\",\"contentUrl\":\"https:\\\/\\\/lacomponella.com\\\/WordPress3\\\/wp-content\\\/uploads\\\/2020\\\/06\\\/91177272_846265905873260_8453016635240873984_n-1.jpg\",\"width\":840,\"height\":1257},{\"@type\":\"WebSite\",\"@id\":\"https:\\\/\\\/lacomponella.com\\\/WordPress3\\\/#website\",\"url\":\"https:\\\/\\\/lacomponella.com\\\/WordPress3\\\/\",\"name\":\"La Componella FCI\",\"description\":\"Hodowla Dog Niemiecki, Xolo i Owczarek Belgijski\",\"potentialAction\":[{\"@type\":\"SearchAction\",\"target\":{\"@type\":\"EntryPoint\",\"urlTemplate\":\"https:\\\/\\\/lacomponella.com\\\/WordPress3\\\/?s={search_term_string}\"},\"query-input\":{\"@type\":\"PropertyValueSpecification\",\"valueRequired\":true,\"valueName\":\"search_term_string\"}}],\"inLanguage\":\"pl-PL\"}]}<\/script>\n<!-- \/ Yoast SEO plugin. -->","yoast_head_json":{"title":"- La Componella FCI","robots":{"index":"index","follow":"follow","max-snippet":"max-snippet:-1","max-image-preview":"max-image-preview:large","max-video-preview":"max-video-preview:-1"},"canonical":"https:\/\/lacomponella.com\/WordPress3\/?page_id=3178","og_locale":"pl_PL","og_type":"article","og_title":"- La Componella FCI","og_description":"LAZULI from Demma Dog FCI Imported from Croatia father- World Winner\u00a0&#8211;\u00a0NOE vom Herstallturm mother- BEYONCE from Tamarin Blue (BRANDON von Gigantic Blau x BONNY BLUE Della Baia Azzura) she lives with co-owner Sylwia Bedli\u0144ska-G\u00f3ra and Andrzej G\u00f3ra","og_url":"https:\/\/lacomponella.com\/WordPress3\/?page_id=3178","og_site_name":"La Componella FCI","article_modified_time":"2020-06-30T21:57:14+00:00","og_image":[{"width":840,"height":1257,"url":"https:\/\/lacomponella.com\/WordPress3\/wp-content\/uploads\/2020\/06\/91177272_846265905873260_8453016635240873984_n-1.jpg","type":"image\/jpeg"}],"twitter_card":"summary_large_image","schema":{"@context":"https:\/\/schema.org","@graph":[{"@type":"WebPage","@id":"https:\/\/lacomponella.com\/WordPress3\/?page_id=3178","url":"https:\/\/lacomponella.com\/WordPress3\/?page_id=3178","name":"- La Componella FCI","isPartOf":{"@id":"https:\/\/lacomponella.com\/WordPress3\/#website"},"primaryImageOfPage":{"@id":"https:\/\/lacomponella.com\/WordPress3\/?page_id=3178#primaryimage"},"image":{"@id":"https:\/\/lacomponella.com\/WordPress3\/?page_id=3178#primaryimage"},"thumbnailUrl":"http:\/\/lacomponella.com\/WordPress3\/wp-content\/uploads\/2020\/06\/91177272_846265905873260_8453016635240873984_n-1.jpg","datePublished":"2016-12-19T13:10:34+00:00","dateModified":"2020-06-30T21:57:14+00:00","inLanguage":"pl-PL","potentialAction":[{"@type":"ReadAction","target":["https:\/\/lacomponella.com\/WordPress3\/?page_id=3178"]}]},{"@type":"ImageObject","inLanguage":"pl-PL","@id":"https:\/\/lacomponella.com\/WordPress3\/?page_id=3178#primaryimage","url":"https:\/\/lacomponella.com\/WordPress3\/wp-content\/uploads\/2020\/06\/91177272_846265905873260_8453016635240873984_n-1.jpg","contentUrl":"https:\/\/lacomponella.com\/WordPress3\/wp-content\/uploads\/2020\/06\/91177272_846265905873260_8453016635240873984_n-1.jpg","width":840,"height":1257},{"@type":"WebSite","@id":"https:\/\/lacomponella.com\/WordPress3\/#website","url":"https:\/\/lacomponella.com\/WordPress3\/","name":"La Componella FCI","description":"Hodowla Dog Niemiecki, Xolo i Owczarek Belgijski","potentialAction":[{"@type":"SearchAction","target":{"@type":"EntryPoint","urlTemplate":"https:\/\/lacomponella.com\/WordPress3\/?s={search_term_string}"},"query-input":{"@type":"PropertyValueSpecification","valueRequired":true,"valueName":"search_term_string"}}],"inLanguage":"pl-PL"}]}},"_links":{"self":[{"href":"https:\/\/lacomponella.com\/WordPress3\/index.php?rest_route=\/wp\/v2\/pages\/3178","targetHints":{"allow":["GET"]}}],"collection":[{"href":"https:\/\/lacomponella.com\/WordPress3\/index.php?rest_route=\/wp\/v2\/pages"}],"about":[{"href":"https:\/\/lacomponella.com\/WordPress3\/index.php?rest_route=\/wp\/v2\/types\/page"}],"author":[{"embeddable":true,"href":"https:\/\/lacomponella.com\/WordPress3\/index.php?rest_route=\/wp\/v2\/users\/1"}],"replies":[{"embeddable":true,"href":"https:\/\/lacomponella.com\/WordPress3\/index.php?rest_route=%2Fwp%2Fv2%2Fcomments&post=3178"}],"version-history":[{"count":5,"href":"https:\/\/lacomponella.com\/WordPress3\/index.php?rest_route=\/wp\/v2\/pages\/3178\/revisions"}],"predecessor-version":[{"id":8011,"href":"https:\/\/lacomponella.com\/WordPress3\/index.php?rest_route=\/wp\/v2\/pages\/3178\/revisions\/8011"}],"wp:attachment":[{"href":"https:\/\/lacomponella.com\/WordPress3\/index.php?rest_route=%2Fwp%2Fv2%2Fmedia&parent=3178"}],"curies":[{"name":"wp","href":"https:\/\/api.w.org\/{rel}","templated":true}]}}