{"id":619,"date":"2014-08-20T13:36:31","date_gmt":"2014-08-20T13:36:31","guid":{"rendered":"http:\/\/lacomponella.com\/WordPress3\/?page_id=619"},"modified":"2024-09-25T23:18:56","modified_gmt":"2024-09-25T23:18:56","slug":"gabinet-weeterynaryjny","status":"publish","type":"page","link":"https:\/\/lacomponella.com\/WordPress3\/?page_id=619","title":{"rendered":""},"content":{"rendered":"<h3 style=\"text-align: center;\">Gabinet Weterynaryjny<\/h3>\n<h6 style=\"text-align: center;\"><strong>Gabinet czynny jest:<\/strong><br \/>\n<strong>*pon-pt 14.00-17.00<\/strong><br \/>\n<span style=\"color: #800080;\"><strong>Strzelin, ul.Grota Roweckiego 55\u00a0<\/strong><\/span><br \/>\n<strong>*Z<\/strong><strong>apraszamy do kontaktu pod nr 660753566<\/strong><\/h6>\n<h6><span style=\"color: #ff0000;\">Leczymy wszystkie gatunki zwierz\u0105t towarzysz\u0105cych: PSY, KOTY, KR\u00d3LIKI, GRYZONIE, PTAKI, GADY, P\u0141AZY, FRETKI.<\/span><\/h6>\n<h6><strong><span style=\"color: #800080;\">PROFILAKTYKA<\/span><\/strong><\/h6>\n<p>szczepienia przeciwko chorobom zaka\u017anym dla ps\u00f3w, kot\u00f3w, kr\u00f3lik\u00f3w oraz fretek (dobierane szczepionki s\u0105 sprawdzone, nie wywo\u0142uj\u0105 reakcji alergicznych),<br \/>\nszczepienie przeciwko w\u015bciekli\u017anie,<br \/>\nszczepienia przeciwko boreliozie,<br \/>\nzabezpieczanie przeciwko paso\u017cytom zewn\u0119trznym<br \/>\nodrobaczanie<\/p>\n<p><strong><span style=\"color: #800080;\"> GINEKOLOGIA, PO\u0141O\u017bNICTWO<\/span><\/strong><\/p>\n<p>Do\u015bwiadczenie i wyposa\u017cenie naszej plac\u00f3wki pozwala nam na:<\/p>\n<p>wyznaczanie optymalnego momentu krycia<br \/>\npomoc porodow\u0105, tak\u017ce wyjazdow\u0105!!!<br \/>\nopieka nad ci\u0119\u017carn\u0105 samic\u0105<br \/>\ndiagnostyka ci\u0105\u017cy (USG), tak\u017ce wyjazdowo<br \/>\nopieka nad noworodkiem<br \/>\nci\u0119cie cesarskie<br \/>\nrutynowe zabiegi (takie jak sterylizacja, kastracja), operacje na listwie mlecznej, nowotwory j\u0105der<\/p>\n<p><span style=\"color: #800080;\"><strong> DLA HODOWC\u00d3W<\/strong><\/span><\/p>\n<p>Od 15 lat jeste\u015bmy hodowcami ps\u00f3w rasowych. Nasz hodowla to La Componella.<br \/>\nHodowla jest pasj\u0105 naszego \u017cycia. Pragniemy podzieli\u0107 si\u0119 z Pa\u0144stwem wiedz\u0105 i do\u015bwiadczeniem w tej dziedzinie oraz zarazi\u0107 pasj\u0105:)<\/p>\n<p>Oferujemy:<\/p>\n<p>doradztwo w zakresie za\u0142o\u017cenia hodowli ps\u00f3w i kot\u00f3w rasowych<br \/>\ndoradztwo w zakresie doboru zwierz\u0105t do hodowli<br \/>\ndoradztwo w zakresie wystaw ps\u00f3w i kot\u00f3w rasowych<br \/>\ndoradztwo w zakresie regulamin\u00f3w zwi\u0105zkowych<br \/>\nprowadzenie profilaktyczne i internistyczne suki hodowlanej i reproduktora<br \/>\nprowadzenie profilaktyczne i internistyczne kotki hodowlanej i reproduktora<br \/>\ndoradztwo dietetyczne<br \/>\n\u015brodki piel\u0119gnacyjne dla ps\u00f3w i kot\u00f3w rasowych<br \/>\ndiagnostyka chor\u00f3b specyficznych dla danej rasy<br \/>\ndoradztwo w zakresie wyboru reproduktora<br \/>\nwyznaczanie optymalnego momentu krycia<br \/>\ninseminacja<br \/>\ndiagnostyka ci\u0105\u017cy (USG), tak\u017ce wyjazdowo<br \/>\npomoc porodow\u0105, tak\u017ce wyjazdow\u0105!!!<br \/>\nopieka nad ci\u0119\u017carn\u0105 samic\u0105<br \/>\nopieka nad noworodkiem<\/p>\n<p><span style=\"color: #800080;\"><strong> DIAGNOSTYKA OBRAZOWA &#8211; USG<\/strong><\/span><\/p>\n<p>Bezpieczne i bezbolesne badanie<\/p>\n<p>Diagnostyka m.in. ci\u0105\u017cy, zapale\u0144 macicy, ocena prostaty, p\u0119cherza moczowego<\/p>\n<p><span style=\"color: #800080;\"><strong> LABORATORIUM DIAGNOSTYCZNE<\/strong><\/span><\/p>\n<p>Badanie krwi \u2013 mo\u017cemy oceni\u0107 funkcj\u0119 nerek, w\u0105troby, trzustki czy poziom cukru Przed operacjami wykonywany jest profil anestezjologiczny dostosowany do wieku i kondycji naszego pacjenta.<br \/>\nBadanie moczu \u2013 wykonujemy og\u00f3lne badanie moczu. Po odwirowaniu pr\u00f3bki oceniamy osad oraz ci\u0119\u017car w\u0142a\u015bciwy<br \/>\nWykonujemy testy na bia\u0142aczk\u0119, niedob\u00f3r immunologiczny, panleukopeni\u0119 u kot\u00f3w, zapalenie trzustki u ps\u00f3w, choroby odkleszczowe.<br \/>\nDiagnostyka niedoczynno\u015bci tarczycy, zespo\u0142u Cushinga<br \/>\nOkre\u015blamy grupy krwi u kot\u00f3w<br \/>\nOkre\u015blamy p\u0142e\u0107 ptak\u00f3w<br \/>\nBadania krwi ptak\u00f3w<br \/>\nBadania krwi gad\u00f3w i p\u0142az\u00f3w<br \/>\nBadanie ka\u0142u u wszystkich gatunk\u00f3w<br \/>\nBadanie histopatologiczne i cytologiczne<\/p>\n<p><span style=\"color: #800080;\"><strong> CHIRURGIA<\/strong><\/span><\/p>\n<p>Starannie dobieramy narkoz\u0119 do danego pacjenta.<\/p>\n<p>Do znieczulenia pacjent\u00f3w wykorzystujemy najnowocze\u015bniejsze \u015brodki anestetyczne. Podczas znieczulania pacjenta najwa\u017cniejsze dla nas jest bezpiecze\u0144stwo, bezbolesno\u015b\u0107 (analgezja), uspokojenie oraz szybkie wybudzenie<\/p>\n<p>sterylizacje, kastracje<br \/>\ngruczolaki listwy mlecznej<br \/>\nusuni\u0119cie \u015bledziony<br \/>\nusuni\u0119cie cia\u0142a obcego z przewodu pokarmowego<br \/>\nresekcje jelit<br \/>\nkamica p\u0119cherza<br \/>\nwady powiek<br \/>\nnowotwory<br \/>\nrany<br \/>\ncesarskie ci\u0119cia<\/p>\n<p><span style=\"color: #800080;\"><strong>PASZPORTY<\/strong><\/span><\/p>\n<p>Wystawiamy paszporty dla ps\u00f3w, kot\u00f3w i fretek, potrzebne do wyjazdu zwierz\u0119cia z Polski. Dodatkowo z racji do\u015bwiadczenie (od 2003 roku prowadz\u0119 hodowl\u0119 ps\u00f3w rasowych) zajmujemy si\u0119 doradztwem w zakresie przemieszczania ps\u00f3w i kot\u00f3w w transporcie l\u0105dowym i lotnicznym.<\/p>\n<p><span style=\"color: #800080;\"><strong>DERMATOLOGIA<\/strong><\/span><\/p>\n<p>Nasza Lecznica w szerokim zakresie zajmuje si\u0119 diagnostyk\u0105 dermatologiczn\u0105. Samodzielnie oceniamy zeskrobiny i preparaty w kierunku paso\u017cyt\u00f3w, grzyb\u00f3w. Wykonujemy badania mikologiczne oraz bakteriologiczne.<\/p>\n<p>Diagnozujemy i leczymy:<\/p>\n<p>choroby paso\u017cytnicze sk\u00f3ry (nu\u017cyc\u0119, \u015bwierzbowca),<br \/>\nchoroby bakteryjne, grzybicze, autoimmunologiczne,<br \/>\nniedoczynno\u015b\u0107 tarczycy, zesp\u00f3\u0142 Cushinga, inne endokrynopatie,<br \/>\natopi\u0119 (wykonujemy testy \u015br\u00f3dsk\u00f3rne oraz odczulamy pacjent\u00f3w),<br \/>\nnietolerancj\u0119 pokarmow\u0105<\/p>\n<p><span style=\"color: #800080;\"><strong> OKULISTYKA<\/strong><\/span><\/p>\n<p>badanie okulistyczne,<br \/>\nleczenie wrzod\u00f3w rog\u00f3wki,<br \/>\nleczenie zapalenia spoj\u00f3wek,<br \/>\np\u0142ukanie niedro\u017cnych kanalik\u00f3w nosowo-\u0142zowych,<br \/>\nrepozycja wypadni\u0119tego i przero\u015bni\u0119tego gruczo\u0142u trzeciej powieki<br \/>\nchirurgiczne leczenie wad powiek (wwini\u0119cie i wywini\u0119cie powieki)<\/p>\n<p><span style=\"color: #800080;\"><strong> STOMATOLOGIA<\/strong><\/span><\/p>\n<p>profilaktyka i badanie stomatologiczne,<br \/>\nultrad\u017awi\u0119kowe oczyszczanie z\u0119b\u00f3w z kamienia,<br \/>\nekstrakcje z\u0119b\u00f3w (tak\u017ce przetrwa\u0142ych kie\u0142k\u00f3w mlecznych), ekstrakcje \u0142amacza,<br \/>\nleczenie plazmocytarnego zapalenia dzi\u0105se\u0142, nad\u017cerek odontoklastycznych, p\u0119cherzyc i inne<\/p>\n<p><span style=\"color: #800080;\"><strong> ENDOKRYNOLOGIA<\/strong><\/span><\/p>\n<p>Zajmujemy si\u0119 diagnozowaniem i prowadzeniem pacjent\u00f3w z chorobami endokrynologicznymi takimi jak CUKRZYCA, NIEDOCZYNNO\u015a\u0106 TARCZYCY, ZESP\u00d3\u0141 CUSHINGA. S\u0105 to szczeg\u00f3lne przypadki. Tacy pacjenci wymagaj\u0105 ci\u0105g\u0142ego nadzoru ze strony w\u0142a\u015bciciela i mo\u017cliwo\u015bci kontaktu z lekarzem prowadz\u0105cym. Na miejscu badamy poziom cukry we krwi.<\/p>\n<p><span style=\"color: #800080;\"><strong>NEUROLOGIA<\/strong><\/span><\/p>\n<p>Wykonujemy ze szczeg\u00f3ln\u0105 staranno\u015bci\u0105 badanie neurologiczne uzupe\u0142niaj\u0105c je odpowiednim profilem diagnostycznym z krwi. Prowadzimy pacjent\u00f3w z padaczk\u0105, dobieraj\u0105c indywidualnie leki, kontroluj\u0105c st\u0119\u017cenie lek\u00f3w we krwi, stan narz\u0105d\u00f3w wewn\u0119trznych, optymalizuj\u0105c diet\u0119. Leczymy zesp\u00f3\u0142 przedsionkowy, prowadzimy pacjent\u00f3w z zespo\u0142em Hornera.<\/p>\n<p><span style=\"color: #800080;\"><strong>CZIPOWANIE<\/strong><\/span><\/p>\n<p>Elektroniczne znakowanie zwierz\u0105t (bezbolesne wszczepienie mikroprocesora pod sk\u00f3r\u0119) wykonywane jest u ps\u00f3w, kot\u00f3w i fretek.<\/p>\n<p><span style=\"color: #800080;\"><strong>DIETETYKA<\/strong><\/span><\/p>\n<p>diagnostyka chor\u00f3b przewodu pokarmowego,<br \/>\nodchudzanie pacjent\u00f3w,<br \/>\ndob\u00f3r odpowiedniej diety,<br \/>\nsprzeda\u017c diet leczniczych<\/p>\n","protected":false},"excerpt":{"rendered":"<p>Gabinet Weterynaryjny Gabinet czynny jest: *pon-pt 14.00-17.00 Strzelin, ul.Grota Roweckiego 55\u00a0 *Zapraszamy do kontaktu pod nr 660753566 Leczymy wszystkie gatunki zwierz\u0105t towarzysz\u0105cych: PSY, KOTY, KR\u00d3LIKI, GRYZONIE, PTAKI, GADY, P\u0141AZY, FRETKI. PROFILAKTYKA szczepienia przeciwko chorobom zaka\u017anym dla ps\u00f3w, kot\u00f3w, kr\u00f3lik\u00f3w oraz fretek (dobierane szczepionki s\u0105 sprawdzone, nie wywo\u0142uj\u0105 reakcji alergicznych), szczepienie przeciwko w\u015bciekli\u017anie, szczepienia przeciwko boreliozie, [&hellip;]<\/p>\n","protected":false},"author":1,"featured_media":0,"parent":0,"menu_order":0,"comment_status":"closed","ping_status":"closed","template":"","meta":{"footnotes":""},"class_list":["post-619","page","type-page","status-publish","hentry"],"yoast_head":"<!-- This site is optimized with the Yoast SEO plugin v27.4 - https:\/\/yoast.com\/product\/yoast-seo-wordpress\/ -->\n<title>- La Componella FCI<\/title>\n<meta name=\"robots\" content=\"index, follow, max-snippet:-1, max-image-preview:large, max-video-preview:-1\" \/>\n<link rel=\"canonical\" href=\"https:\/\/lacomponella.com\/WordPress3\/?page_id=619\" \/>\n<meta property=\"og:locale\" content=\"pl_PL\" \/>\n<meta property=\"og:type\" content=\"article\" \/>\n<meta property=\"og:title\" content=\"- La Componella FCI\" \/>\n<meta property=\"og:description\" content=\"Gabinet Weterynaryjny Gabinet czynny jest: *pon-pt 14.00-17.00 Strzelin, ul.Grota Roweckiego 55\u00a0 *Zapraszamy do kontaktu pod nr 660753566 Leczymy wszystkie gatunki zwierz\u0105t towarzysz\u0105cych: PSY, KOTY, KR\u00d3LIKI, GRYZONIE, PTAKI, GADY, P\u0141AZY, FRETKI. PROFILAKTYKA szczepienia przeciwko chorobom zaka\u017anym dla ps\u00f3w, kot\u00f3w, kr\u00f3lik\u00f3w oraz fretek (dobierane szczepionki s\u0105 sprawdzone, nie wywo\u0142uj\u0105 reakcji alergicznych), szczepienie przeciwko w\u015bciekli\u017anie, szczepienia przeciwko boreliozie, [&hellip;]\" \/>\n<meta property=\"og:url\" content=\"https:\/\/lacomponella.com\/WordPress3\/?page_id=619\" \/>\n<meta property=\"og:site_name\" content=\"La Componella FCI\" \/>\n<meta property=\"article:modified_time\" content=\"2024-09-25T23:18:56+00:00\" \/>\n<meta name=\"twitter:card\" content=\"summary_large_image\" \/>\n<meta name=\"twitter:label1\" content=\"Szacowany czas czytania\" \/>\n\t<meta name=\"twitter:data1\" content=\"4 minuty\" \/>\n<script type=\"application\/ld+json\" class=\"yoast-schema-graph\">{\"@context\":\"https:\\\/\\\/schema.org\",\"@graph\":[{\"@type\":\"WebPage\",\"@id\":\"https:\\\/\\\/lacomponella.com\\\/WordPress3\\\/?page_id=619\",\"url\":\"https:\\\/\\\/lacomponella.com\\\/WordPress3\\\/?page_id=619\",\"name\":\"- La Componella FCI\",\"isPartOf\":{\"@id\":\"https:\\\/\\\/lacomponella.com\\\/WordPress3\\\/#website\"},\"datePublished\":\"2014-08-20T13:36:31+00:00\",\"dateModified\":\"2024-09-25T23:18:56+00:00\",\"inLanguage\":\"pl-PL\",\"potentialAction\":[{\"@type\":\"ReadAction\",\"target\":[\"https:\\\/\\\/lacomponella.com\\\/WordPress3\\\/?page_id=619\"]}]},{\"@type\":\"WebSite\",\"@id\":\"https:\\\/\\\/lacomponella.com\\\/WordPress3\\\/#website\",\"url\":\"https:\\\/\\\/lacomponella.com\\\/WordPress3\\\/\",\"name\":\"La Componella FCI\",\"description\":\"Hodowla Dog Niemiecki, Xolo i Owczarek Belgijski\",\"potentialAction\":[{\"@type\":\"SearchAction\",\"target\":{\"@type\":\"EntryPoint\",\"urlTemplate\":\"https:\\\/\\\/lacomponella.com\\\/WordPress3\\\/?s={search_term_string}\"},\"query-input\":{\"@type\":\"PropertyValueSpecification\",\"valueRequired\":true,\"valueName\":\"search_term_string\"}}],\"inLanguage\":\"pl-PL\"}]}<\/script>\n<!-- \/ Yoast SEO plugin. -->","yoast_head_json":{"title":"- La Componella FCI","robots":{"index":"index","follow":"follow","max-snippet":"max-snippet:-1","max-image-preview":"max-image-preview:large","max-video-preview":"max-video-preview:-1"},"canonical":"https:\/\/lacomponella.com\/WordPress3\/?page_id=619","og_locale":"pl_PL","og_type":"article","og_title":"- La Componella FCI","og_description":"Gabinet Weterynaryjny Gabinet czynny jest: *pon-pt 14.00-17.00 Strzelin, ul.Grota Roweckiego 55\u00a0 *Zapraszamy do kontaktu pod nr 660753566 Leczymy wszystkie gatunki zwierz\u0105t towarzysz\u0105cych: PSY, KOTY, KR\u00d3LIKI, GRYZONIE, PTAKI, GADY, P\u0141AZY, FRETKI. PROFILAKTYKA szczepienia przeciwko chorobom zaka\u017anym dla ps\u00f3w, kot\u00f3w, kr\u00f3lik\u00f3w oraz fretek (dobierane szczepionki s\u0105 sprawdzone, nie wywo\u0142uj\u0105 reakcji alergicznych), szczepienie przeciwko w\u015bciekli\u017anie, szczepienia przeciwko boreliozie, [&hellip;]","og_url":"https:\/\/lacomponella.com\/WordPress3\/?page_id=619","og_site_name":"La Componella FCI","article_modified_time":"2024-09-25T23:18:56+00:00","twitter_card":"summary_large_image","twitter_misc":{"Szacowany czas czytania":"4 minuty"},"schema":{"@context":"https:\/\/schema.org","@graph":[{"@type":"WebPage","@id":"https:\/\/lacomponella.com\/WordPress3\/?page_id=619","url":"https:\/\/lacomponella.com\/WordPress3\/?page_id=619","name":"- La Componella FCI","isPartOf":{"@id":"https:\/\/lacomponella.com\/WordPress3\/#website"},"datePublished":"2014-08-20T13:36:31+00:00","dateModified":"2024-09-25T23:18:56+00:00","inLanguage":"pl-PL","potentialAction":[{"@type":"ReadAction","target":["https:\/\/lacomponella.com\/WordPress3\/?page_id=619"]}]},{"@type":"WebSite","@id":"https:\/\/lacomponella.com\/WordPress3\/#website","url":"https:\/\/lacomponella.com\/WordPress3\/","name":"La Componella FCI","description":"Hodowla Dog Niemiecki, Xolo i Owczarek Belgijski","potentialAction":[{"@type":"SearchAction","target":{"@type":"EntryPoint","urlTemplate":"https:\/\/lacomponella.com\/WordPress3\/?s={search_term_string}"},"query-input":{"@type":"PropertyValueSpecification","valueRequired":true,"valueName":"search_term_string"}}],"inLanguage":"pl-PL"}]}},"_links":{"self":[{"href":"https:\/\/lacomponella.com\/WordPress3\/index.php?rest_route=\/wp\/v2\/pages\/619","targetHints":{"allow":["GET"]}}],"collection":[{"href":"https:\/\/lacomponella.com\/WordPress3\/index.php?rest_route=\/wp\/v2\/pages"}],"about":[{"href":"https:\/\/lacomponella.com\/WordPress3\/index.php?rest_route=\/wp\/v2\/types\/page"}],"author":[{"embeddable":true,"href":"https:\/\/lacomponella.com\/WordPress3\/index.php?rest_route=\/wp\/v2\/users\/1"}],"replies":[{"embeddable":true,"href":"https:\/\/lacomponella.com\/WordPress3\/index.php?rest_route=%2Fwp%2Fv2%2Fcomments&post=619"}],"version-history":[{"count":18,"href":"https:\/\/lacomponella.com\/WordPress3\/index.php?rest_route=\/wp\/v2\/pages\/619\/revisions"}],"predecessor-version":[{"id":11853,"href":"https:\/\/lacomponella.com\/WordPress3\/index.php?rest_route=\/wp\/v2\/pages\/619\/revisions\/11853"}],"wp:attachment":[{"href":"https:\/\/lacomponella.com\/WordPress3\/index.php?rest_route=%2Fwp%2Fv2%2Fmedia&parent=619"}],"curies":[{"name":"wp","href":"https:\/\/api.w.org\/{rel}","templated":true}]}}