{"id":8497,"date":"2021-05-03T21:34:32","date_gmt":"2021-05-03T21:34:32","guid":{"rendered":"http:\/\/lacomponella.com\/WordPress3\/?page_id=8497"},"modified":"2021-05-03T21:34:32","modified_gmt":"2021-05-03T21:34:32","slug":"zasady-zakupu","status":"publish","type":"page","link":"https:\/\/lacomponella.com\/WordPress3\/?page_id=8497","title":{"rendered":"Zasady zakupu"},"content":{"rendered":"<p>Nasza hodowla do\u0142o\u017cy\u0142a wszelkich stara\u0144, aby zapewni\u0107 Ci zdrowego szczeniaka. Wszystkie nasze szczeni\u0119ta s\u0105 piel\u0119gnowane i wychowywane w domu z mi\u0142o\u015bci\u0105. Zawsze staramy si\u0119, aby nasze psy mia\u0142y najlepsze cechy. Hodowca gwarantuje, \u017ce wszystkie szczepienia i odrobaczenia s\u0105 aktualne. Do ka\u017cdego szczeniaka do\u0142\u0105czony jest rekord strza\u0142u. Fakt, \u017ce ten szczeniak zosta\u0142 zaszczepiony, nie gwarantuje odporno\u015bci. Szczeniak musi otrzyma\u0107 seri\u0119 szczepie\u0144 zgodnie z zaleceniami lekarza weterynarii.<br \/>\nZdrowie naszych szczeni\u0105t jest naszym g\u0142\u00f3wnym zmartwieniem i czasami mog\u0105 wyst\u0105pi\u0107 op\u00f3\u017anienia w wysy\u0142ce z przyczyn od nas niezale\u017cnych. Nasze szczeni\u0119ta s\u0105 odpowiednio odrobaczone, zaszczepione i sprawdzone przez weterynarza przed umieszczeniem w nowych domach. Szczeni\u0119 zostanie zwolnione lub wys\u0142ane do kupuj\u0105cego tylko wtedy, gdy lekarz weterynarii sprzedawcy wyrazi na to zgod\u0119.<br \/>\nWysy\u0142amy szczeni\u0119ta po 8 tygodniu \u017cycia. Przew\u00f3z szczeni\u0105t oraz egzamin fizyczny i \u015bwiadectwo zdrowia wystawione przez licencjonowanego lekarza weterynarii s\u0105 do\u0142\u0105czone do przesy\u0142ki szczeni\u0119cia.<br \/>\nNale\u017cy to rozumie\u0107 &#8211; Kupuj\u0105cy zobowi\u0105zuje si\u0119 zapewni\u0107 dobr\u0105 opiek\u0119 i kochaj\u0105ce otoczenie. B\u0119dziesz odpowiedzialny za zorganizowanie odbioru szczeniaka po jego przybyciu na lotnisko.<br \/>\nRyzyko zwi\u0105zane z lataniem szczeni\u0105t jest dla nas zawsze problemem, dlatego chcemy, aby\u015b by\u0142 klientem, aby pozby\u0107 si\u0119 niekt\u00f3rych zagro\u017ce\u0144. Za takie ryzyko odpowiada klient. Tw\u00f3j szczeniak mo\u017ce mie\u0107 katar lub kaszel hodowlany, kt\u00f3ry jest bardzo powszechny i \u200b\u200bmo\u017ce by\u0107 leczony przez lekarza weterynarii.<\/p>\n<p>Obowi\u0105zki Kupuj\u0105cego i Sprzedaj\u0105cego:<br \/>\nSprzedawca gwarantuje, \u017ce to szczeni\u0119, jak wspomniano wcze\u015bniej, jest wolne od chor\u00f3b genetycznych zagra\u017caj\u0105cych \u017cyciu, a je\u015bli taki stan zostanie stwierdzony i udowodniony, na pi\u015bmie przez licencjonowanego lekarza weterynarii i potwierdzony prze\u015bwietleniami rentgenowskimi lub testami laboratoryjnymi i potwierdza Sprzedawca Weterynarii.<br \/>\nAby zachowa\u0107 t\u0119 oferowan\u0105 gwarancj\u0119, musisz podda\u0107 szczeniaka badaniu przez licencjonowanego lekarza weterynarii w ci\u0105gu 48 godzin od otrzymania.<br \/>\nJe\u015bli zdarzy si\u0119 to w weekend lub \u015bwi\u0119to, zostan\u0105 przyznane dodatkowe 24 godziny.<br \/>\nSprzedawca musi zosta\u0107 niezw\u0142ocznie poinformowany o wyniku badania. Je\u015bli podczas pierwszego badania lekarz weterynarii stwierdzi, \u017ce szczeni\u0119 stanowi zagro\u017cenie dla zdrowia lub wykryje jakiekolwiek problemy ze zdrowiem fizycznym, kt\u00f3re wymaga\u0142yby dalszej opieki weterynaryjnej (innej ni\u017c wymagane szczepienia i \/ lub leczenie jakiegokolwiek rodzaju paso\u017cyt\u00f3w lub bakterii, wewn\u0119trznych lub zewn\u0119trznych), MUSISZ skontaktowa\u0107 si\u0119 ze mn\u0105 w ci\u0105gu 24 godzin.<br \/>\nJe\u015bli w czasie egzaminu zostanie stwierdzone, \u017ce szczeni\u0119 ma zagra\u017caj\u0105c\u0105 \u017cyciu wad\u0119 wrodzon\u0105 lub problem zdrowotny, nale\u017cy skontaktowa\u0107 si\u0119 z hodowc\u0105 i przes\u0142a\u0107 kopi\u0119 raportu do naszego weterynarza w ci\u0105gu 48 godzin.<br \/>\nPo konsultacji i uzgodnieniu z lekarzem weterynarii, szczeniak zast\u0119pczy o tej samej jako\u015bci zostanie podany tak szybko, jak b\u0119dzie dost\u0119pny.<br \/>\nSzczeni\u0119 nale\u017cy zwr\u00f3ci\u0107 na koszt kupuj\u0105cego wraz ze wszystkimi dokumentami rejestracyjnymi i dokumentami, kt\u00f3re zosta\u0142y dostarczone ze szczeniakiem w momencie zakupu.<br \/>\nKupuj\u0105cy jest odpowiedzialny za wszystkie rachunki za weterynarza i koszty transportu poniesione przed zwrotem takiego szczeni\u0119cia, zgodnie z opisem.<br \/>\nSprzedawca we\u017amie pod uwag\u0119 szczeniaka zast\u0119pczego tylko wtedy, gdy zostan\u0105 spe\u0142nione warunki wyszczeg\u00f3lnione w powy\u017cszej sekcji. Je\u015bli szczeni\u0119 nie odwiedzi\u0142o weterynarza zgodnie z ustaleniami w ci\u0105gu 48 godzin, a Sprzedawca bezpo\u015brednio po badaniu nie otrzyma Raportu z Badania Weterynaryjnego, \u017bADNA wymiana ani zwrot koszt\u00f3w nie b\u0119d\u0105 brane pod uwag\u0119.<br \/>\nAby zwr\u00f3ci\u0107 szczeniaka, powiadom nas e-mailem przed powrotem. Kupuj\u0105cy otrzyma zast\u0119pcze szczeni\u0119 o por\u00f3wnywalnej wielko\u015bci i warto\u015bci. (Je\u015bli zast\u0119pcze szczeni\u0119 nie jest obecnie dost\u0119pne, Kupuj\u0105cy b\u0119dzie mia\u0142 mo\u017cliwo\u015b\u0107 wyboru kuponu na szczeniaka i natychmiast powiadomi o dost\u0119pno\u015bci por\u00f3wnywalnego szczeniaka).<br \/>\nGwarancja ta nie obejmuje nier\u00f3wnych uk\u0105sze\u0144, niezst\u0105pionych j\u0105der. Rozpoznanie kokcydiozy, giarrdii lub innego rodzaju infekcji bakteryjnej nie powoduje, \u017ce szczeniak jest niezdrowy. Kokcydia i kaszel hodowlany, kt\u00f3ry jest powszechny u wysy\u0142anych szczeni\u0105t i zwykle wywo\u0142ywany przez bakterie. Kaszel hodowlany ust\u0119puje samoistnie i podobnie jak zwyk\u0142e przezi\u0119bienie musi ust\u0105pi\u0107. Oczekuje si\u0119 pe\u0142nego wyzdrowienia, a sam kaszel hodowlany nie zagra\u017ca \u017cyciu. \u017badne fizyczne problemy, kt\u00f3re s\u0105 lub mog\u0105 by\u0107 wynikiem obra\u017ce\u0144, nie s\u0105 obj\u0119te t\u0105 gwarancj\u0105.<br \/>\nRozpoznanie kokcydiozy, giarrdii, paso\u017cyt\u00f3w lub innego rodzaju infekcji bakteryjnej nie powoduje, \u017ce szczeniak jest niezdrowy. Niespe\u0142nienie tego warunku spowoduje uniewa\u017cnienie niniejszej gwarancji. Zapewnij szczeni\u0119ciu rutynow\u0105 opiek\u0119 profilaktyczn\u0105, tak\u0105 jak mi\u0119dzy innymi badania lekarskie przeprowadzane przez licencjonowanego lekarza weterynarii. Przestrzegaj zalece\u0144 lekarza weterynarii dotycz\u0105cych szczepie\u0144 i odrobaczania.<\/p>\n<p>Depozyty i p\u0142atno\u015bci.<br \/>\nPo wybraniu szczeniaka nale\u017cy przes\u0142a\u0107 na konto hodowcy zaliczk\u0119 w wysoko\u015bci 1000 dolar\u00f3w. Po otrzymaniu od Pa\u0144stwa zaliczki szczeniak zostanie dla Pa\u0144stwa zarezerwowany. Pozosta\u0142e pieni\u0105dze nale\u017cy przes\u0142a\u0107 hodowcy nie p\u00f3\u017aniej ni\u017c 14 dni przed dat\u0105 wysy\u0142ki. Hodowca wysy\u0142a kupuj\u0105cemu szczeniaka dopiero po pe\u0142nej zap\u0142acie za niego. Depozyty nie podlegaj\u0105 zwrotowi. Je\u015bli ten szczeniak z jakiegokolwiek powodu nie rozwija si\u0119 lub umrze, b\u0119d\u0105c nadal z hodowc\u0105, hodowca powiadomi Ci\u0119 o tym natychmiast, a kupuj\u0105cy ma mo\u017cliwo\u015b\u0107 wybrania innego szczeniaka lub zwrotu kaucji. Rozumie si\u0119, \u017ce szczeniak zast\u0119pczy nie mo\u017ce pochodzi\u0107 z tego samego miotu lub od tych samych rodzic\u00f3w, co szczeni\u0119 pierwotne.<\/p>\n<p>Genealogia.<br \/>\nKupowane szczeni\u0119 jest rasowe i spe\u0142nia wymogi rejestracji kraju pochodzenia i mo\u017ce zosta\u0107 zarejestrowane w American Kennel Club, je\u015bli Kupuj\u0105cy zdecyduje si\u0119 otrzyma\u0107 rodow\u00f3d. Gwarantujemy, \u017ce ten szczeniak b\u0119dzie posiada\u0142 dokumenty rejestracyjne FCI. Poinformujemy Ci\u0119 o statusie rejestracji szczeniaka przed zakupem i gwarantujemy, \u017ce dostarczymy Ci dokument rejestracyjny dla Twojego szczeniaka. Dokumenty dla Twojego szczeniaka zostan\u0105 wys\u0142ane do Ciebie, gdy tylko otrzymamy je z powrotem z rejestru FCI. Sprzedawca nie ponosi odpowiedzialno\u015bci za op\u00f3\u017anienia w przetwarzaniu danych ze strony FCI. Ten proces trwa zwykle 60\u201390 dni. Niniejszy dokument stanowi ostateczn\u0105, ca\u0142kowit\u0105 i kompletn\u0105 umow\u0119 mi\u0119dzy Kupuj\u0105cym a Sprzedaj\u0105cym.<\/p>\n<p>Gwarancja zdrowotna:<br \/>\nDo\u0142o\u017cono wszelkich stara\u0144, aby wybrane przez Pa\u0144stwa szczeni\u0119 by\u0142o zdrowe w dniu porodu oraz otrzyma\u0142o odpowiednie szczepienia i odrobaczenie. Kupuj\u0105cy zosta\u0142 o tym poinformowany oraz o przysz\u0142ych szczepieniach i nale\u017cnych odrobaczeniach i zgodzi si\u0119 na terminowe wykonanie tych szczepie\u0144, w przeciwnym razie niniejsza umowa zostanie uniewa\u017cniona.<\/p>\n<p>Szczeniak jest obj\u0119ty sze\u015bciomiesi\u0119czn\u0105 gwarancj\u0105 na \u015bmierteln\u0105 i zmieniaj\u0105c\u0105 \u017cycie wrodzon\u0105 chorob\u0119, kt\u00f3ra niekorzystnie wp\u0142ywa na zdrowie zwierz\u0119cia. Niniejsza gwarancja obejmuje tylko powa\u017cne choroby genetyczne utrudniaj\u0105ce normalne \u017cycie psa. Obejmuje to ci\u0119\u017ck\u0105 dysplazj\u0119 stawu biodrowego (stopie\u0144 \u201eD\u201d lub \u201eE\u201d), kt\u00f3ra utrudnia ruchy psa i naturalny ch\u00f3d i wymaga operacji w celu skorygowania. R\u00f3wnie\u017c ci\u0119\u017cka choroba zagra\u017caj\u0105ca \u017cyciu: serce, trzustka, w\u0105troba i nerki.<br \/>\nW tym przypadku Hodowca za\u015bwiadcza, \u017ce \u200b\u200bda innemu szczeniakowi tak\u0105 sam\u0105 jako\u015b\u0107, jak\u0105 Kupuj\u0105cy zarezerwowa\u0142 (zap\u0142aci\u0142) z nast\u0119pnego miotu (mi). Je\u015bli pies umrze w ci\u0105gu sze\u015bciu miesi\u0119cy, Kupuj\u0105cy zap\u0142aci za wykonanie sekcji zw\u0142ok w celu ustalenia przyczyny. Je\u015bli pow\u00f3d jest wrodzony, Hodowca r\u00f3wnie\u017c wymieni szczeniaka. Zwrot pieni\u0119dzy, cz\u0119\u015bciowo lub w ca\u0142o\u015bci, nie zostanie przekazany, tylko szczeniak zast\u0119pczy.<br \/>\nWszystkie elementy obj\u0119te t\u0105 gwarancj\u0105 podlegaj\u0105 jedynie wymianie. Nie zwracamy pieni\u0119dzy.<br \/>\nJe\u015bli szczeniak wykazuje powa\u017cn\u0105 wad\u0119 genetyczn\u0105 lub wrodzon\u0105, zostanie wymieniony w nast\u0119puj\u0105cy spos\u00f3b: Zwierz\u0119 musi wykazywa\u0107 wad\u0119 do sz\u00f3stego miesi\u0105ca \u017cycia.<br \/>\nHodowca musi zosta\u0107 powiadomiony o problemie w ci\u0105gu 2 dni roboczych od decyzji licencjonowanego lekarza weterynarii i mie\u0107 dwa raporty od dw\u00f3ch niezrzeszonych lekarzy weterynarii stwierdzaj\u0105ce ten sam problem, a Hodowca zapewni zast\u0119pcze szczeni\u0119 o r\u00f3wnowa\u017cnej warto\u015bci.<br \/>\nHodowca nie ponosi odpowiedzialno\u015bci za poniesione koszty leczenia.<br \/>\nKupuj\u0105cy jest \u015bwiadomy, \u017ce posiadanie szczeniaka oznacza wyjazdy do weterynarza i rozumie, \u017ce b\u0119dzie on odpowiedzialny za wszystkie p\u0142atno\u015bci.<br \/>\nSzczeniak z wad\u0105 musi zosta\u0107 zwr\u00f3cony lub poddany eutanazji, tylko za uprzedni\u0105 zgod\u0105 hodowcy, aby kwalifikowa\u0107 si\u0119 na szczeniaka zast\u0119pczego.<br \/>\nZwr\u00f3cone szczeni\u0119 nale\u017cy zwr\u00f3ci\u0107 Hodowcy w dobrym stanie, innym ni\u017c okre\u015blony problem, na koszt Kupuj\u0105cego. Kupuj\u0105cy kwalifikuje si\u0119 wtedy do zast\u0119pczego szczeniaka.<br \/>\nKupuj\u0105cy jest odpowiedzialny za WSZYSTKIE koszty transportu \/ wysy\u0142ki do i od hodowcy za szczeniaka zast\u0119pczego.<br \/>\n\u017baden szczeniak zast\u0119pczy nie zostanie przekazany, je\u015bli by\u0142 rozmna\u017cany, wykastrowany, wykastrowany lub poddany eutanazji bez zgody Sprzedawcy.<br \/>\nSzczeni\u0119 zast\u0119pcze zostanie uzgodnione przez obie strony i b\u0119dzie por\u00f3wnywalnej jako\u015bci. Rozumie si\u0119, \u017ce szczeniak zast\u0119pczy mo\u017ce nie pochodzi\u0107 dok\u0142adnie od tych samych rodzic\u00f3w, co szczeni\u0119 pierwotne.<br \/>\nNiniejsza gwarancja dotyczy wy\u0142\u0105cznie oryginalnego szczeniaka i nie podlega przeniesieniu na inn\u0105 osob\u0119.<br \/>\nIstniej\u0105 pewne zaburzenia, kt\u00f3re mog\u0105 by\u0107 spowodowane czynnikami \u015brodowiskowymi, na przyk\u0142ad: alergie, dysfunkcja tarczycy, nu\u017cyca i inne choroby autoimmunologiczne, kt\u00f3re nie s\u0105 obj\u0119te t\u0105 gwarancj\u0105. Wszelkie problemy fizyczne, kt\u00f3re s\u0105 lub mog\u0105 by\u0107 wynikiem obra\u017ce\u0144, nie s\u0105 obj\u0119te t\u0105 gwarancj\u0105.<br \/>\nNie ma \u017cadnej gwarancji ani gwarancji, \u017ce Kupuj\u0105cy b\u0119dzie m\u00f3g\u0142 wystawia\u0107 lub rozmna\u017ca\u0107 szczeniaka niezale\u017cnie od potencja\u0142u wystawowego lub hodowlanego.<br \/>\nNiniejsza umowa zast\u0119puje wszelkie poprzednie umowy. Niniejsza umowa jest niewa\u017cna, je\u015bli warunki nie zostan\u0105 spe\u0142nione.<br \/>\nKupuj\u0105cy potwierdza, \u017ce \u200b\u200bw pe\u0142ni rozumie niniejsz\u0105 umow\u0119.<\/p>\n<p>Dostawa: Szczeni\u0119ta s\u0105 wysy\u0142ane w wieku 8-10 tygodni.<\/p>\n<p>BEZ WYJ\u0104TK\u00d3W!<\/p>\n","protected":false},"excerpt":{"rendered":"<p>Nasza hodowla do\u0142o\u017cy\u0142a wszelkich stara\u0144, aby zapewni\u0107 Ci zdrowego szczeniaka. Wszystkie nasze szczeni\u0119ta s\u0105 piel\u0119gnowane i wychowywane w domu z mi\u0142o\u015bci\u0105. Zawsze staramy si\u0119, aby nasze psy mia\u0142y najlepsze cechy. Hodowca gwarantuje, \u017ce wszystkie szczepienia i odrobaczenia s\u0105 aktualne. Do ka\u017cdego szczeniaka do\u0142\u0105czony jest rekord strza\u0142u. Fakt, \u017ce ten szczeniak zosta\u0142 zaszczepiony, nie gwarantuje odporno\u015bci. [&hellip;]<\/p>\n","protected":false},"author":1,"featured_media":0,"parent":0,"menu_order":0,"comment_status":"closed","ping_status":"closed","template":"","meta":{"footnotes":""},"class_list":["post-8497","page","type-page","status-publish","hentry"],"yoast_head":"<!-- This site is optimized with the Yoast SEO plugin v27.4 - https:\/\/yoast.com\/product\/yoast-seo-wordpress\/ -->\n<title>Zasady zakupu - La Componella FCI<\/title>\n<meta name=\"robots\" content=\"index, follow, max-snippet:-1, max-image-preview:large, max-video-preview:-1\" \/>\n<link rel=\"canonical\" href=\"https:\/\/lacomponella.com\/WordPress3\/?page_id=8497\" \/>\n<meta property=\"og:locale\" content=\"pl_PL\" \/>\n<meta property=\"og:type\" content=\"article\" \/>\n<meta property=\"og:title\" content=\"Zasady zakupu - La Componella FCI\" \/>\n<meta property=\"og:description\" content=\"Nasza hodowla do\u0142o\u017cy\u0142a wszelkich stara\u0144, aby zapewni\u0107 Ci zdrowego szczeniaka. Wszystkie nasze szczeni\u0119ta s\u0105 piel\u0119gnowane i wychowywane w domu z mi\u0142o\u015bci\u0105. Zawsze staramy si\u0119, aby nasze psy mia\u0142y najlepsze cechy. Hodowca gwarantuje, \u017ce wszystkie szczepienia i odrobaczenia s\u0105 aktualne. Do ka\u017cdego szczeniaka do\u0142\u0105czony jest rekord strza\u0142u. Fakt, \u017ce ten szczeniak zosta\u0142 zaszczepiony, nie gwarantuje odporno\u015bci. [&hellip;]\" \/>\n<meta property=\"og:url\" content=\"https:\/\/lacomponella.com\/WordPress3\/?page_id=8497\" \/>\n<meta property=\"og:site_name\" content=\"La Componella FCI\" \/>\n<meta name=\"twitter:card\" content=\"summary_large_image\" \/>\n<meta name=\"twitter:label1\" content=\"Szacowany czas czytania\" \/>\n\t<meta name=\"twitter:data1\" content=\"8 minut\" \/>\n<script type=\"application\/ld+json\" class=\"yoast-schema-graph\">{\"@context\":\"https:\\\/\\\/schema.org\",\"@graph\":[{\"@type\":\"WebPage\",\"@id\":\"https:\\\/\\\/lacomponella.com\\\/WordPress3\\\/?page_id=8497\",\"url\":\"https:\\\/\\\/lacomponella.com\\\/WordPress3\\\/?page_id=8497\",\"name\":\"Zasady zakupu - La Componella FCI\",\"isPartOf\":{\"@id\":\"https:\\\/\\\/lacomponella.com\\\/WordPress3\\\/#website\"},\"datePublished\":\"2021-05-03T21:34:32+00:00\",\"breadcrumb\":{\"@id\":\"https:\\\/\\\/lacomponella.com\\\/WordPress3\\\/?page_id=8497#breadcrumb\"},\"inLanguage\":\"pl-PL\",\"potentialAction\":[{\"@type\":\"ReadAction\",\"target\":[\"https:\\\/\\\/lacomponella.com\\\/WordPress3\\\/?page_id=8497\"]}]},{\"@type\":\"BreadcrumbList\",\"@id\":\"https:\\\/\\\/lacomponella.com\\\/WordPress3\\\/?page_id=8497#breadcrumb\",\"itemListElement\":[{\"@type\":\"ListItem\",\"position\":1,\"name\":\"Strona g\u0142\u00f3wna\",\"item\":\"https:\\\/\\\/lacomponella.com\\\/WordPress3\\\/?page_id=4991\"},{\"@type\":\"ListItem\",\"position\":2,\"name\":\"Zasady zakupu\"}]},{\"@type\":\"WebSite\",\"@id\":\"https:\\\/\\\/lacomponella.com\\\/WordPress3\\\/#website\",\"url\":\"https:\\\/\\\/lacomponella.com\\\/WordPress3\\\/\",\"name\":\"La Componella FCI\",\"description\":\"Hodowla Dog Niemiecki, Xolo i Owczarek Belgijski\",\"potentialAction\":[{\"@type\":\"SearchAction\",\"target\":{\"@type\":\"EntryPoint\",\"urlTemplate\":\"https:\\\/\\\/lacomponella.com\\\/WordPress3\\\/?s={search_term_string}\"},\"query-input\":{\"@type\":\"PropertyValueSpecification\",\"valueRequired\":true,\"valueName\":\"search_term_string\"}}],\"inLanguage\":\"pl-PL\"}]}<\/script>\n<!-- \/ Yoast SEO plugin. -->","yoast_head_json":{"title":"Zasady zakupu - La Componella FCI","robots":{"index":"index","follow":"follow","max-snippet":"max-snippet:-1","max-image-preview":"max-image-preview:large","max-video-preview":"max-video-preview:-1"},"canonical":"https:\/\/lacomponella.com\/WordPress3\/?page_id=8497","og_locale":"pl_PL","og_type":"article","og_title":"Zasady zakupu - La Componella FCI","og_description":"Nasza hodowla do\u0142o\u017cy\u0142a wszelkich stara\u0144, aby zapewni\u0107 Ci zdrowego szczeniaka. Wszystkie nasze szczeni\u0119ta s\u0105 piel\u0119gnowane i wychowywane w domu z mi\u0142o\u015bci\u0105. Zawsze staramy si\u0119, aby nasze psy mia\u0142y najlepsze cechy. Hodowca gwarantuje, \u017ce wszystkie szczepienia i odrobaczenia s\u0105 aktualne. Do ka\u017cdego szczeniaka do\u0142\u0105czony jest rekord strza\u0142u. Fakt, \u017ce ten szczeniak zosta\u0142 zaszczepiony, nie gwarantuje odporno\u015bci. [&hellip;]","og_url":"https:\/\/lacomponella.com\/WordPress3\/?page_id=8497","og_site_name":"La Componella FCI","twitter_card":"summary_large_image","twitter_misc":{"Szacowany czas czytania":"8 minut"},"schema":{"@context":"https:\/\/schema.org","@graph":[{"@type":"WebPage","@id":"https:\/\/lacomponella.com\/WordPress3\/?page_id=8497","url":"https:\/\/lacomponella.com\/WordPress3\/?page_id=8497","name":"Zasady zakupu - La Componella FCI","isPartOf":{"@id":"https:\/\/lacomponella.com\/WordPress3\/#website"},"datePublished":"2021-05-03T21:34:32+00:00","breadcrumb":{"@id":"https:\/\/lacomponella.com\/WordPress3\/?page_id=8497#breadcrumb"},"inLanguage":"pl-PL","potentialAction":[{"@type":"ReadAction","target":["https:\/\/lacomponella.com\/WordPress3\/?page_id=8497"]}]},{"@type":"BreadcrumbList","@id":"https:\/\/lacomponella.com\/WordPress3\/?page_id=8497#breadcrumb","itemListElement":[{"@type":"ListItem","position":1,"name":"Strona g\u0142\u00f3wna","item":"https:\/\/lacomponella.com\/WordPress3\/?page_id=4991"},{"@type":"ListItem","position":2,"name":"Zasady zakupu"}]},{"@type":"WebSite","@id":"https:\/\/lacomponella.com\/WordPress3\/#website","url":"https:\/\/lacomponella.com\/WordPress3\/","name":"La Componella FCI","description":"Hodowla Dog Niemiecki, Xolo i Owczarek Belgijski","potentialAction":[{"@type":"SearchAction","target":{"@type":"EntryPoint","urlTemplate":"https:\/\/lacomponella.com\/WordPress3\/?s={search_term_string}"},"query-input":{"@type":"PropertyValueSpecification","valueRequired":true,"valueName":"search_term_string"}}],"inLanguage":"pl-PL"}]}},"_links":{"self":[{"href":"https:\/\/lacomponella.com\/WordPress3\/index.php?rest_route=\/wp\/v2\/pages\/8497","targetHints":{"allow":["GET"]}}],"collection":[{"href":"https:\/\/lacomponella.com\/WordPress3\/index.php?rest_route=\/wp\/v2\/pages"}],"about":[{"href":"https:\/\/lacomponella.com\/WordPress3\/index.php?rest_route=\/wp\/v2\/types\/page"}],"author":[{"embeddable":true,"href":"https:\/\/lacomponella.com\/WordPress3\/index.php?rest_route=\/wp\/v2\/users\/1"}],"replies":[{"embeddable":true,"href":"https:\/\/lacomponella.com\/WordPress3\/index.php?rest_route=%2Fwp%2Fv2%2Fcomments&post=8497"}],"version-history":[{"count":1,"href":"https:\/\/lacomponella.com\/WordPress3\/index.php?rest_route=\/wp\/v2\/pages\/8497\/revisions"}],"predecessor-version":[{"id":8498,"href":"https:\/\/lacomponella.com\/WordPress3\/index.php?rest_route=\/wp\/v2\/pages\/8497\/revisions\/8498"}],"wp:attachment":[{"href":"https:\/\/lacomponella.com\/WordPress3\/index.php?rest_route=%2Fwp%2Fv2%2Fmedia&parent=8497"}],"curies":[{"name":"wp","href":"https:\/\/api.w.org\/{rel}","templated":true}]}}