{"id":9234,"date":"2022-02-07T12:46:49","date_gmt":"2022-02-07T12:46:49","guid":{"rendered":"http:\/\/lacomponella.com\/WordPress3\/?page_id=9234"},"modified":"2024-10-26T19:57:42","modified_gmt":"2024-10-26T19:57:42","slug":"in-memoriam","status":"publish","type":"page","link":"https:\/\/lacomponella.com\/WordPress3\/?page_id=9234","title":{"rendered":"Suki doga w przesz\u0142o\u015bci"},"content":{"rendered":"<p><span style=\"color: #800000;\"><strong>Suki, kt\u00f3re mieszka\u0142y z nami<\/strong><\/span><\/p>\n<p><strong><span style=\"color: #0000ff;\"><strong style=\"color: #0000ff;\"><a style=\"color: #0000ff;\" href=\"http:\/\/lacomponella.com\/WordPress3\/?page_id=5138\" target=\"_blank\" rel=\"noopener\">GIANLUCA ZAMBROTTA La Componella &#8211; weteranka w naszej hodowli, ca\u0142y czas w super kondycji:)<\/a><br \/><a style=\"color: #0000ff;\" href=\"http:\/\/lacomponella.com\/WordPress3\/?page_id=7842\">ROZA iz Tsarskoselskoy Usadby (RIP)<\/a><br \/><a style=\"color: #0000ff;\" href=\"http:\/\/lacomponella.com\/WordPress3\/?page_id=1779\">LILIUM AURANTUM Des Terres De Brandon<\/a>\u00a0(RIP)<\/strong><br \/><a style=\"color: #0000ff;\" href=\"http:\/\/lacomponella.com\/WordPress3\/?page_id=1713\">MICKEY-N Della Zaida Nera (RIP)<\/a><br \/><a style=\"color: #0000ff;\" href=\"http:\/\/lacomponella.com\/WordPress3\/?page_id=673\">IRINA Du Jardin De L\u2019Olympe (RIP)<\/a><br \/><a style=\"color: #0000ff;\" href=\"http:\/\/lacomponella.com\/WordPress3\/?page_id=1848\">JORDANIA Du Jardin De L\u2019Olympe (RIP)<\/a><br \/><a style=\"color: #0000ff;\" href=\"http:\/\/lacomponella.com\/WordPress3\/?page_id=5128\">GIANLUIGI BUFFON La Componella (RIP)<\/a><br \/><a style=\"color: #0000ff;\" href=\"http:\/\/lacomponella.com\/WordPress3\/?page_id=7849\">ROSKOSH iz Tsarskoselskoy Usadby (RIP)<\/a><br \/>IMAGINATION La Componella (RIP)<\/span><\/strong><br \/><strong><span style=\"color: #0000ff;\">IMAGINATION Polaris (RIP)<\/span><\/strong><br \/><strong><span style=\"color: #0000ff;\">PROMISING FOR LA COMPONELLA Polaris (RIP)<\/span><\/strong><br \/><strong><span style=\"color: #0000ff;\">UMBERTO La Componella (RIP)<\/span><\/strong><br \/><strong><span style=\"color: #0000ff;\">LAZULI l&#8217;Outsaina (RIP)<\/span><\/strong><br \/><strong><span style=\"color: #0000ff;\">I&#8217;COMPONELLA Du Jardin De L&#8217;Olympe (RIP)<\/span><\/strong><\/p>\n\n\n<p><\/p>\n","protected":false},"excerpt":{"rendered":"<p>Suki, kt\u00f3re mieszka\u0142y z nami GIANLUCA ZAMBROTTA La Componella &#8211; weteranka w naszej hodowli, ca\u0142y czas w super kondycji:)ROZA iz Tsarskoselskoy Usadby (RIP)LILIUM AURANTUM Des Terres De Brandon\u00a0(RIP)MICKEY-N Della Zaida Nera (RIP)IRINA Du Jardin De L\u2019Olympe (RIP)JORDANIA Du Jardin De L\u2019Olympe (RIP)GIANLUIGI BUFFON La Componella (RIP)ROSKOSH iz Tsarskoselskoy Usadby (RIP)IMAGINATION La Componella (RIP)IMAGINATION Polaris (RIP)PROMISING [&hellip;]<\/p>\n","protected":false},"author":1,"featured_media":0,"parent":0,"menu_order":0,"comment_status":"closed","ping_status":"closed","template":"","meta":{"footnotes":""},"class_list":["post-9234","page","type-page","status-publish","hentry"],"yoast_head":"<!-- This site is optimized with the Yoast SEO plugin v27.4 - https:\/\/yoast.com\/product\/yoast-seo-wordpress\/ -->\n<title>Suki doga w przesz\u0142o\u015bci - La Componella FCI<\/title>\n<meta name=\"robots\" content=\"index, follow, max-snippet:-1, max-image-preview:large, max-video-preview:-1\" \/>\n<link rel=\"canonical\" href=\"https:\/\/lacomponella.com\/WordPress3\/?page_id=9234\" \/>\n<meta property=\"og:locale\" content=\"pl_PL\" \/>\n<meta property=\"og:type\" content=\"article\" \/>\n<meta property=\"og:title\" content=\"Suki doga w przesz\u0142o\u015bci - La Componella FCI\" \/>\n<meta property=\"og:description\" content=\"Suki, kt\u00f3re mieszka\u0142y z nami GIANLUCA ZAMBROTTA La Componella &#8211; weteranka w naszej hodowli, ca\u0142y czas w super kondycji:)ROZA iz Tsarskoselskoy Usadby (RIP)LILIUM AURANTUM Des Terres De Brandon\u00a0(RIP)MICKEY-N Della Zaida Nera (RIP)IRINA Du Jardin De L\u2019Olympe (RIP)JORDANIA Du Jardin De L\u2019Olympe (RIP)GIANLUIGI BUFFON La Componella (RIP)ROSKOSH iz Tsarskoselskoy Usadby (RIP)IMAGINATION La Componella (RIP)IMAGINATION Polaris (RIP)PROMISING [&hellip;]\" \/>\n<meta property=\"og:url\" content=\"https:\/\/lacomponella.com\/WordPress3\/?page_id=9234\" \/>\n<meta property=\"og:site_name\" content=\"La Componella FCI\" \/>\n<meta property=\"article:modified_time\" content=\"2024-10-26T19:57:42+00:00\" \/>\n<meta name=\"twitter:card\" content=\"summary_large_image\" \/>\n<script type=\"application\/ld+json\" class=\"yoast-schema-graph\">{\"@context\":\"https:\\\/\\\/schema.org\",\"@graph\":[{\"@type\":\"WebPage\",\"@id\":\"https:\\\/\\\/lacomponella.com\\\/WordPress3\\\/?page_id=9234\",\"url\":\"https:\\\/\\\/lacomponella.com\\\/WordPress3\\\/?page_id=9234\",\"name\":\"Suki doga w przesz\u0142o\u015bci - La Componella FCI\",\"isPartOf\":{\"@id\":\"https:\\\/\\\/lacomponella.com\\\/WordPress3\\\/#website\"},\"datePublished\":\"2022-02-07T12:46:49+00:00\",\"dateModified\":\"2024-10-26T19:57:42+00:00\",\"breadcrumb\":{\"@id\":\"https:\\\/\\\/lacomponella.com\\\/WordPress3\\\/?page_id=9234#breadcrumb\"},\"inLanguage\":\"pl-PL\",\"potentialAction\":[{\"@type\":\"ReadAction\",\"target\":[\"https:\\\/\\\/lacomponella.com\\\/WordPress3\\\/?page_id=9234\"]}]},{\"@type\":\"BreadcrumbList\",\"@id\":\"https:\\\/\\\/lacomponella.com\\\/WordPress3\\\/?page_id=9234#breadcrumb\",\"itemListElement\":[{\"@type\":\"ListItem\",\"position\":1,\"name\":\"Strona g\u0142\u00f3wna\",\"item\":\"https:\\\/\\\/lacomponella.com\\\/WordPress3\\\/?page_id=4991\"},{\"@type\":\"ListItem\",\"position\":2,\"name\":\"Suki doga w przesz\u0142o\u015bci\"}]},{\"@type\":\"WebSite\",\"@id\":\"https:\\\/\\\/lacomponella.com\\\/WordPress3\\\/#website\",\"url\":\"https:\\\/\\\/lacomponella.com\\\/WordPress3\\\/\",\"name\":\"La Componella FCI\",\"description\":\"Hodowla Dog Niemiecki, Xolo i Owczarek Belgijski\",\"potentialAction\":[{\"@type\":\"SearchAction\",\"target\":{\"@type\":\"EntryPoint\",\"urlTemplate\":\"https:\\\/\\\/lacomponella.com\\\/WordPress3\\\/?s={search_term_string}\"},\"query-input\":{\"@type\":\"PropertyValueSpecification\",\"valueRequired\":true,\"valueName\":\"search_term_string\"}}],\"inLanguage\":\"pl-PL\"}]}<\/script>\n<!-- \/ Yoast SEO plugin. -->","yoast_head_json":{"title":"Suki doga w przesz\u0142o\u015bci - La Componella FCI","robots":{"index":"index","follow":"follow","max-snippet":"max-snippet:-1","max-image-preview":"max-image-preview:large","max-video-preview":"max-video-preview:-1"},"canonical":"https:\/\/lacomponella.com\/WordPress3\/?page_id=9234","og_locale":"pl_PL","og_type":"article","og_title":"Suki doga w przesz\u0142o\u015bci - La Componella FCI","og_description":"Suki, kt\u00f3re mieszka\u0142y z nami GIANLUCA ZAMBROTTA La Componella &#8211; weteranka w naszej hodowli, ca\u0142y czas w super kondycji:)ROZA iz Tsarskoselskoy Usadby (RIP)LILIUM AURANTUM Des Terres De Brandon\u00a0(RIP)MICKEY-N Della Zaida Nera (RIP)IRINA Du Jardin De L\u2019Olympe (RIP)JORDANIA Du Jardin De L\u2019Olympe (RIP)GIANLUIGI BUFFON La Componella (RIP)ROSKOSH iz Tsarskoselskoy Usadby (RIP)IMAGINATION La Componella (RIP)IMAGINATION Polaris (RIP)PROMISING [&hellip;]","og_url":"https:\/\/lacomponella.com\/WordPress3\/?page_id=9234","og_site_name":"La Componella FCI","article_modified_time":"2024-10-26T19:57:42+00:00","twitter_card":"summary_large_image","schema":{"@context":"https:\/\/schema.org","@graph":[{"@type":"WebPage","@id":"https:\/\/lacomponella.com\/WordPress3\/?page_id=9234","url":"https:\/\/lacomponella.com\/WordPress3\/?page_id=9234","name":"Suki doga w przesz\u0142o\u015bci - La Componella FCI","isPartOf":{"@id":"https:\/\/lacomponella.com\/WordPress3\/#website"},"datePublished":"2022-02-07T12:46:49+00:00","dateModified":"2024-10-26T19:57:42+00:00","breadcrumb":{"@id":"https:\/\/lacomponella.com\/WordPress3\/?page_id=9234#breadcrumb"},"inLanguage":"pl-PL","potentialAction":[{"@type":"ReadAction","target":["https:\/\/lacomponella.com\/WordPress3\/?page_id=9234"]}]},{"@type":"BreadcrumbList","@id":"https:\/\/lacomponella.com\/WordPress3\/?page_id=9234#breadcrumb","itemListElement":[{"@type":"ListItem","position":1,"name":"Strona g\u0142\u00f3wna","item":"https:\/\/lacomponella.com\/WordPress3\/?page_id=4991"},{"@type":"ListItem","position":2,"name":"Suki doga w przesz\u0142o\u015bci"}]},{"@type":"WebSite","@id":"https:\/\/lacomponella.com\/WordPress3\/#website","url":"https:\/\/lacomponella.com\/WordPress3\/","name":"La Componella FCI","description":"Hodowla Dog Niemiecki, Xolo i Owczarek Belgijski","potentialAction":[{"@type":"SearchAction","target":{"@type":"EntryPoint","urlTemplate":"https:\/\/lacomponella.com\/WordPress3\/?s={search_term_string}"},"query-input":{"@type":"PropertyValueSpecification","valueRequired":true,"valueName":"search_term_string"}}],"inLanguage":"pl-PL"}]}},"_links":{"self":[{"href":"https:\/\/lacomponella.com\/WordPress3\/index.php?rest_route=\/wp\/v2\/pages\/9234","targetHints":{"allow":["GET"]}}],"collection":[{"href":"https:\/\/lacomponella.com\/WordPress3\/index.php?rest_route=\/wp\/v2\/pages"}],"about":[{"href":"https:\/\/lacomponella.com\/WordPress3\/index.php?rest_route=\/wp\/v2\/types\/page"}],"author":[{"embeddable":true,"href":"https:\/\/lacomponella.com\/WordPress3\/index.php?rest_route=\/wp\/v2\/users\/1"}],"replies":[{"embeddable":true,"href":"https:\/\/lacomponella.com\/WordPress3\/index.php?rest_route=%2Fwp%2Fv2%2Fcomments&post=9234"}],"version-history":[{"count":4,"href":"https:\/\/lacomponella.com\/WordPress3\/index.php?rest_route=\/wp\/v2\/pages\/9234\/revisions"}],"predecessor-version":[{"id":12006,"href":"https:\/\/lacomponella.com\/WordPress3\/index.php?rest_route=\/wp\/v2\/pages\/9234\/revisions\/12006"}],"wp:attachment":[{"href":"https:\/\/lacomponella.com\/WordPress3\/index.php?rest_route=%2Fwp%2Fv2%2Fmedia&parent=9234"}],"curies":[{"name":"wp","href":"https:\/\/api.w.org\/{rel}","templated":true}]}}